Last updated on 2022-06-26 23:52:09 CEST.
Flavor | Version | Tinstall | Tcheck | Ttotal | Status | Flags |
---|---|---|---|---|---|---|
r-devel-linux-x86_64-debian-clang | 1.0.0 | 7.85 | 114.94 | 122.79 | NOTE | |
r-devel-linux-x86_64-debian-gcc | 1.0.0 | 7.27 | 85.94 | 93.21 | NOTE | |
r-devel-linux-x86_64-fedora-clang | 1.0.0 | 151.97 | NOTE | |||
r-devel-linux-x86_64-fedora-gcc | 1.0.0 | 151.88 | NOTE | |||
r-devel-windows-x86_64 | 1.0.0 | 16.00 | 169.00 | 185.00 | NOTE | |
r-patched-linux-x86_64 | 1.0.0 | 8.42 | 110.39 | 118.81 | NOTE | |
r-release-linux-x86_64 | 1.0.0 | 8.41 | 107.82 | 116.23 | NOTE | |
r-release-macos-arm64 | 1.0.0 | 46.00 | NOTE | |||
r-release-macos-x86_64 | 1.0.0 | 64.00 | NOTE | |||
r-release-windows-x86_64 | 1.0.0 | 20.00 | 173.00 | 193.00 | NOTE | |
r-oldrel-macos-arm64 | 1.0.0 | 54.00 | NOTE | |||
r-oldrel-macos-x86_64 | 1.0.0 | 82.00 | NOTE | |||
r-oldrel-windows-ix86+x86_64 | 1.0.0 | 18.00 | 139.00 | 157.00 | NOTE |
Version: 1.0.0
Check: LazyData
Result: NOTE
'LazyData' is specified without a 'data' directory
Flavors: r-devel-linux-x86_64-debian-clang, r-devel-linux-x86_64-debian-gcc, r-devel-linux-x86_64-fedora-clang, r-devel-linux-x86_64-fedora-gcc, r-devel-windows-x86_64, r-patched-linux-x86_64, r-release-linux-x86_64, r-release-macos-arm64, r-release-macos-x86_64, r-release-windows-x86_64, r-oldrel-macos-arm64, r-oldrel-macos-x86_64, r-oldrel-windows-ix86+x86_64
Version: 1.0.0
Check: dependencies in R code
Result: NOTE
Namespace in Imports field not imported from: ‘network’
All declared Imports should be used.
Flavors: r-devel-linux-x86_64-fedora-clang, r-devel-linux-x86_64-fedora-gcc, r-release-macos-arm64, r-release-macos-x86_64, r-oldrel-macos-arm64, r-oldrel-macos-x86_64