CRAN Package Check Results for Package SAVER

Last updated on 2022-01-22 23:52:22 CET.

Flavor Version Tinstall Tcheck Ttotal Status Flags
r-devel-linux-x86_64-debian-clang 1.1.2 8.60 51.87 60.47 OK
r-devel-linux-x86_64-debian-gcc 1.1.2 6.51 40.30 46.81 OK
r-devel-linux-x86_64-fedora-clang 1.1.2 75.58 NOTE
r-devel-linux-x86_64-fedora-gcc 1.1.2 64.47 NOTE
r-devel-windows-x86_64-new-UL 1.1.2 35.00 75.00 110.00 OK
r-devel-windows-x86_64-new-TK 1.1.2 NOTE
r-patched-linux-x86_64 1.1.2 8.79 50.04 58.83 OK
r-release-linux-x86_64 1.1.2 7.96 49.63 57.59 OK
r-release-macos-arm64 1.1.2 NOTE
r-release-macos-x86_64 1.1.2 NOTE
r-release-windows-ix86+x86_64 1.1.2 18.00 61.00 79.00 OK
r-oldrel-macos-x86_64 1.1.2 NOTE
r-oldrel-windows-ix86+x86_64 1.1.2 19.00 64.00 83.00 OK

Check Details

Version: 1.1.2
Check: dependencies in R code
Result: NOTE
    Namespace in Imports field not imported from: ‘methods’
     All declared Imports should be used.
Flavors: r-devel-linux-x86_64-fedora-clang, r-devel-linux-x86_64-fedora-gcc, r-devel-windows-x86_64-new-TK, r-release-macos-arm64, r-release-macos-x86_64, r-oldrel-macos-x86_64