CRAN Package Check Results for Package SAR

Last updated on 2019-07-15 00:50:50 CEST.

Flavor Version Tinstall Tcheck Ttotal Status Flags
r-devel-linux-x86_64-debian-clang 1.0.1 59.47 70.08 129.55 NOTE
r-devel-linux-x86_64-debian-gcc 1.0.1 49.92 56.80 106.72 NOTE
r-devel-linux-x86_64-fedora-clang 1.0.1 172.26 NOTE
r-devel-linux-x86_64-fedora-gcc 1.0.1 169.91 NOTE
r-devel-windows-ix86+x86_64 1.0.1 122.00 118.00 240.00 NOTE
r-patched-linux-x86_64 1.0.1 60.22 69.30 129.52 NOTE
r-patched-solaris-x86 1.0.1 207.60 NOTE
r-release-linux-x86_64 1.0.1 56.07 69.02 125.09 NOTE
r-release-windows-ix86+x86_64 1.0.1 116.00 122.00 238.00 NOTE
r-release-osx-x86_64 1.0.1 NOTE
r-oldrel-windows-ix86+x86_64 1.0.1 167.00 156.00 323.00 NOTE
r-oldrel-osx-x86_64 1.0.1 NOTE

Check Details

Version: 1.0.1
Check: for GNU extensions in Makefiles
Result: NOTE
    GNU make is a SystemRequirements.
Flavors: r-devel-linux-x86_64-debian-clang, r-devel-linux-x86_64-debian-gcc, r-devel-linux-x86_64-fedora-clang, r-devel-linux-x86_64-fedora-gcc, r-devel-windows-ix86+x86_64, r-patched-linux-x86_64, r-patched-solaris-x86, r-release-linux-x86_64, r-release-windows-ix86+x86_64, r-release-osx-x86_64, r-oldrel-windows-ix86+x86_64, r-oldrel-osx-x86_64

Version: 1.0.1
Check: dependencies in R code
Result: NOTE
    Namespaces in Imports field not imported from:
     ‘httr’ ‘jsonlite’
     All declared Imports should be used.
Flavors: r-devel-linux-x86_64-fedora-clang, r-devel-linux-x86_64-fedora-gcc, r-patched-solaris-x86, r-release-osx-x86_64, r-oldrel-osx-x86_64