CRAN Package Check Results for Package SAR

Last updated on 2019-10-20 23:47:37 CEST.

Flavor Version Tinstall Tcheck Ttotal Status Flags
r-devel-linux-x86_64-debian-clang 1.0.1 63.70 68.67 132.37 NOTE
r-devel-linux-x86_64-debian-gcc 1.0.1 50.78 55.34 106.12 NOTE
r-devel-linux-x86_64-fedora-clang 1.0.1 178.89 NOTE
r-devel-linux-x86_64-fedora-gcc 1.0.1 183.32 NOTE
r-devel-windows-ix86+x86_64 1.0.1 134.00 116.00 250.00 NOTE
r-patched-linux-x86_64 1.0.1 54.42 66.39 120.81 NOTE
r-patched-solaris-x86 1.0.1 213.80 NOTE
r-release-linux-x86_64 1.0.1 54.32 66.43 120.75 NOTE
r-release-windows-ix86+x86_64 1.0.1 171.00 118.00 289.00 NOTE
r-release-osx-x86_64 1.0.1 NOTE
r-oldrel-windows-ix86+x86_64 1.0.1 112.00 111.00 223.00 NOTE
r-oldrel-osx-x86_64 1.0.1 NOTE

Check Details

Version: 1.0.1
Check: for GNU extensions in Makefiles
Result: NOTE
    GNU make is a SystemRequirements.
Flavors: r-devel-linux-x86_64-debian-clang, r-devel-linux-x86_64-debian-gcc, r-devel-linux-x86_64-fedora-clang, r-devel-linux-x86_64-fedora-gcc, r-devel-windows-ix86+x86_64, r-patched-linux-x86_64, r-patched-solaris-x86, r-release-linux-x86_64, r-release-windows-ix86+x86_64, r-release-osx-x86_64, r-oldrel-windows-ix86+x86_64, r-oldrel-osx-x86_64

Version: 1.0.1
Check: dependencies in R code
Result: NOTE
    Namespaces in Imports field not imported from:
     ‘httr’ ‘jsonlite’
     All declared Imports should be used.
Flavors: r-devel-linux-x86_64-fedora-clang, r-devel-linux-x86_64-fedora-gcc, r-patched-solaris-x86, r-release-osx-x86_64, r-oldrel-osx-x86_64