Last updated on 2022-06-26 23:52:09 CEST.
Flavor | Version | Tinstall | Tcheck | Ttotal | Status | Flags |
---|---|---|---|---|---|---|
r-devel-linux-x86_64-debian-clang | 1.2 | 13.06 | 88.00 | 101.06 | OK | |
r-devel-linux-x86_64-debian-gcc | 1.2 | 9.40 | 64.35 | 73.75 | OK | |
r-devel-linux-x86_64-fedora-clang | 1.2 | 126.24 | NOTE | |||
r-devel-linux-x86_64-fedora-gcc | 1.2 | 127.58 | NOTE | |||
r-devel-windows-x86_64 | 1.2 | 41.00 | 111.00 | 152.00 | OK | |
r-patched-linux-x86_64 | 1.2 | 13.73 | 82.06 | 95.79 | OK | |
r-release-linux-x86_64 | 1.2 | 11.22 | 82.92 | 94.14 | OK | |
r-release-macos-arm64 | 1.2 | 46.00 | NOTE | |||
r-release-macos-x86_64 | 1.2 | 43.00 | NOTE | |||
r-release-windows-x86_64 | 1.2 | 38.00 | 105.00 | 143.00 | OK | |
r-oldrel-macos-arm64 | 1.2 | 41.00 | NOTE | |||
r-oldrel-macos-x86_64 | 1.2 | 62.00 | NOTE | |||
r-oldrel-windows-ix86+x86_64 | 1.2 | 18.00 | 104.00 | 122.00 | OK |
Version: 1.2
Check: dependencies in R code
Result: NOTE
Namespaces in Imports field not imported from:
‘R6’ ‘mgcv’
All declared Imports should be used.
Flavors: r-devel-linux-x86_64-fedora-clang, r-devel-linux-x86_64-fedora-gcc, r-release-macos-arm64, r-release-macos-x86_64, r-oldrel-macos-arm64, r-oldrel-macos-x86_64