CRAN Package Check Results for Package RxODE

Last updated on 2020-02-17 00:49:26 CET.

Flavor Version Tinstall Tcheck Ttotal Status Flags
r-devel-linux-x86_64-debian-clang 0.9.1-9 221.18 191.21 412.39 NOTE
r-devel-linux-x86_64-debian-gcc 0.9.1-9 234.13 129.35 363.48 NOTE
r-devel-linux-x86_64-fedora-clang 0.9.1-9 558.22 NOTE
r-devel-windows-ix86+x86_64 0.9.1-9 452.00 365.00 817.00 NOTE
r-devel-windows-ix86+x86_64-gcc8 0.9.1-9 466.00 527.00 993.00 NOTE
r-patched-linux-x86_64 0.9.1-9 247.44 152.93 400.37 NOTE
r-patched-solaris-x86 0.9.1-9 551.80 NOTE
r-release-linux-x86_64 0.9.1-9 236.20 151.59 387.79 NOTE
r-release-windows-ix86+x86_64 0.9.1-9 390.00 343.00 733.00 NOTE
r-release-osx-x86_64 0.9.1-9 NOTE
r-oldrel-windows-ix86+x86_64 0.9.1-9 397.00 338.00 735.00 WARN
r-oldrel-osx-x86_64 0.9.1-9 WARN

Check Details

Version: 0.9.1-9
Check: package dependencies
Result: NOTE
    Packages suggested but not available for checking:
     'SnakeCharmR', 'installr'
Flavors: r-devel-linux-x86_64-debian-clang, r-devel-linux-x86_64-debian-gcc, r-patched-linux-x86_64, r-patched-solaris-x86, r-release-linux-x86_64

Version: 0.9.1-9
Check: package dependencies
Result: NOTE
    Packages suggested but not available for checking:
     'SnakeCharmR', 'installr'
    
    Imports includes 21 non-default packages.
    Importing from so many packages makes the package vulnerable to any of
    them becoming unavailable. Move as many as possible to Suggests and
    use conditionally.
Flavor: r-devel-linux-x86_64-fedora-clang

Version: 0.9.1-9
Check: package dependencies
Result: NOTE
    Package suggested but not available for checking: 'SnakeCharmR'
Flavors: r-devel-windows-ix86+x86_64, r-devel-windows-ix86+x86_64-gcc8, r-release-windows-ix86+x86_64, r-oldrel-windows-ix86+x86_64

Version: 0.9.1-9
Check: installed package size
Result: NOTE
     installed size is 6.7Mb
     sub-directories of 1Mb or more:
     libs 5.4Mb
Flavors: r-devel-windows-ix86+x86_64, r-devel-windows-ix86+x86_64-gcc8, r-release-windows-ix86+x86_64, r-oldrel-windows-ix86+x86_64

Version: 0.9.1-9
Check: package dependencies
Result: NOTE
    Package suggested but not available for checking: ‘installr’
Flavors: r-release-osx-x86_64, r-oldrel-osx-x86_64

Version: 0.9.1-9
Check: for missing documentation entries
Result: WARN
    Undocumented code objects:
     'type_sum.rxRateDur'
    All user-level objects in a package should have documentation entries.
    See chapter 'Writing R documentation files' in the 'Writing R
    Extensions' manual.
Flavors: r-oldrel-windows-ix86+x86_64, r-oldrel-osx-x86_64