Last updated on 2022-07-06 23:52:54 CEST.
Flavor | Version | Tinstall | Tcheck | Ttotal | Status | Flags |
---|---|---|---|---|---|---|
r-devel-linux-x86_64-debian-clang | 1.2.1 | 18.20 | 223.71 | 241.91 | OK | |
r-devel-linux-x86_64-debian-gcc | 1.2.1 | 16.05 | 166.24 | 182.29 | OK | |
r-devel-linux-x86_64-fedora-clang | 1.2.1 | 290.70 | OK | |||
r-devel-linux-x86_64-fedora-gcc | 1.2.1 | 294.91 | OK | |||
r-devel-windows-x86_64 | 1.2.1 | 36.00 | 579.00 | 615.00 | OK | |
r-patched-linux-x86_64 | 1.2.1 | 11.19 | 215.82 | 227.01 | OK | |
r-release-linux-x86_64 | 1.2.1 | 13.22 | 217.55 | 230.77 | OK | |
r-release-macos-arm64 | 1.2.1 | 203.00 | OK | |||
r-release-macos-x86_64 | 1.2.1 | 6.00 | ERROR | |||
r-release-windows-x86_64 | 1.2.1 | 31.00 | 603.00 | 634.00 | OK | |
r-oldrel-macos-arm64 | 1.2.1 | 220.00 | OK | |||
r-oldrel-macos-x86_64 | 1.2.1 | 269.00 | OK | |||
r-oldrel-windows-ix86+x86_64 | 1.2.1 | 41.00 | 621.00 | 662.00 | OK |
Version: 1.2.1
Check: package dependencies
Result: ERROR
Package required but not available: ‘RcppAlgos’
See section ‘The DESCRIPTION file’ in the ‘Writing R Extensions’
manual.
Flavor: r-release-macos-x86_64