CRAN Package Check Results for Package Rssa

Last updated on 2019-12-08 23:47:37 CET.

Flavor Version Tinstall Tcheck Ttotal Status Flags
r-devel-linux-x86_64-debian-clang 1.0 19.93 119.74 139.67 WARN
r-devel-linux-x86_64-debian-gcc 1.0 15.25 90.16 105.41 WARN
r-devel-linux-x86_64-fedora-clang 1.0 165.70 WARN
r-devel-linux-x86_64-fedora-gcc 1.0 165.75 WARN
r-devel-windows-ix86+x86_64 1.0 32.00 191.00 223.00 OK
r-devel-windows-ix86+x86_64-gcc8 1.0 37.00 177.00 214.00 OK
r-patched-linux-x86_64 1.0 15.58 106.28 121.86 OK
r-patched-solaris-x86 1.0 211.10 OK
r-release-linux-x86_64 1.0 14.49 106.78 121.27 OK
r-release-windows-ix86+x86_64 1.0 30.00 162.00 192.00 OK
r-release-osx-x86_64 1.0 OK
r-oldrel-windows-ix86+x86_64 1.0 25.00 150.00 175.00 OK
r-oldrel-osx-x86_64 1.0 OK

Check Details

Version: 1.0
Check: whether package can be installed
Result: WARN
    Found the following significant warnings:
     'config' variable 'CPP' is deprecated
Flavors: r-devel-linux-x86_64-debian-clang, r-devel-linux-x86_64-debian-gcc, r-devel-linux-x86_64-fedora-clang, r-devel-linux-x86_64-fedora-gcc