CRAN Package Check Results for Package Rsomoclu

Last updated on 2024-06-25 00:58:14 CEST.

Flavor Version Tinstall Tcheck Ttotal Status Flags
r-devel-linux-x86_64-debian-clang 1.7.6 23.85 50.63 74.48 NOTE
r-devel-linux-x86_64-debian-gcc 1.7.6 16.16 37.70 53.86 NOTE
r-devel-linux-x86_64-fedora-clang 1.7.6 108.40 NOTE
r-devel-linux-x86_64-fedora-gcc 1.7.6 95.39 NOTE
r-devel-windows-x86_64 1.7.6 25.00 76.00 101.00 NOTE
r-patched-linux-x86_64 1.7.6 22.09 46.71 68.80 NOTE
r-release-linux-x86_64 1.7.6 20.97 47.65 68.62 NOTE
r-release-macos-arm64 1.7.6 31.00 NOTE
r-release-macos-x86_64 1.7.6 42.00 NOTE
r-release-windows-x86_64 1.7.6 26.00 94.00 120.00 NOTE
r-oldrel-macos-arm64 1.7.6 32.00 NOTE
r-oldrel-macos-x86_64 1.7.6 56.00 NOTE
r-oldrel-windows-x86_64 1.7.6 28.00 97.00 125.00 NOTE

Check Details

Version: 1.7.6
Check: C++ specification
Result: NOTE Specified C++11: please drop specification unless essential Flavors: r-devel-linux-x86_64-debian-clang, r-devel-linux-x86_64-debian-gcc, r-devel-linux-x86_64-fedora-clang, r-devel-linux-x86_64-fedora-gcc, r-devel-windows-x86_64, r-patched-linux-x86_64, r-release-linux-x86_64, r-release-macos-arm64, r-release-macos-x86_64, r-release-windows-x86_64, r-oldrel-macos-arm64, r-oldrel-macos-x86_64, r-oldrel-windows-x86_64