CRAN Package Check Results for Package Rsconctdply

Last updated on 2023-10-04 00:58:36 CEST.

Flavor Version Tinstall Tcheck Ttotal Status Flags
r-devel-linux-x86_64-debian-clang 0.1.3 1.56 20.13 21.69 NOTE
r-devel-linux-x86_64-debian-gcc 0.1.3 1.45 15.98 17.43 NOTE
r-devel-linux-x86_64-fedora-clang 0.1.3 27.82 NOTE
r-devel-linux-x86_64-fedora-gcc 0.1.3 27.09 NOTE
r-devel-windows-x86_64 0.1.3 4.00 39.00 43.00 NOTE
r-patched-linux-x86_64 0.1.3 2.06 19.42 21.48 NOTE
r-release-linux-x86_64 0.1.3 1.36 19.67 21.03 NOTE
r-release-macos-arm64 0.1.3 16.00 NOTE
r-release-macos-x86_64 0.1.3 18.00 NOTE
r-release-windows-x86_64 0.1.3 4.00 37.00 41.00 NOTE
r-oldrel-macos-arm64 0.1.3 15.00 NOTE
r-oldrel-macos-x86_64 0.1.3 26.00 NOTE
r-oldrel-windows-x86_64 0.1.3 4.00 39.00 43.00 NOTE

Check Details

Version: 0.1.3
Check: LazyData
Result: NOTE
     'LazyData' is specified without a 'data' directory
Flavors: r-devel-linux-x86_64-debian-clang, r-devel-linux-x86_64-debian-gcc, r-devel-linux-x86_64-fedora-clang, r-devel-linux-x86_64-fedora-gcc, r-devel-windows-x86_64, r-patched-linux-x86_64, r-release-linux-x86_64, r-release-macos-arm64, r-release-macos-x86_64, r-release-windows-x86_64, r-oldrel-macos-arm64, r-oldrel-macos-x86_64, r-oldrel-windows-x86_64

Version: 0.1.3
Check: dependencies in R code
Result: NOTE
    Namespace in Imports field not imported from: ‘dplyr’
     All declared Imports should be used.
Flavors: r-devel-linux-x86_64-fedora-clang, r-devel-linux-x86_64-fedora-gcc, r-oldrel-macos-arm64, r-oldrel-macos-x86_64