Last updated on 2022-06-28 23:54:14 CEST.
Flavor | Version | Tinstall | Tcheck | Ttotal | Status | Flags |
---|---|---|---|---|---|---|
r-devel-linux-x86_64-debian-clang | 2.2.1 | 7.48 | 92.00 | 99.48 | NOTE | |
r-devel-linux-x86_64-debian-gcc | 2.2.1 | 6.48 | 68.10 | 74.58 | NOTE | |
r-devel-linux-x86_64-fedora-clang | 2.2.1 | 128.70 | NOTE | |||
r-devel-linux-x86_64-fedora-gcc | 2.2.1 | 127.65 | NOTE | |||
r-devel-windows-x86_64 | 2.2.1 | 15.00 | 111.00 | 126.00 | NOTE | |
r-patched-linux-x86_64 | 2.2.1 | 6.39 | 86.57 | 92.96 | NOTE | |
r-release-linux-x86_64 | 2.2.1 | 7.62 | 85.40 | 93.02 | NOTE | |
r-release-macos-arm64 | 2.2.1 | 34.00 | NOTE | |||
r-release-macos-x86_64 | 2.2.1 | 67.00 | NOTE | |||
r-release-windows-x86_64 | 2.2.1 | 17.00 | 116.00 | 133.00 | NOTE | |
r-oldrel-macos-arm64 | 2.2.1 | 53.00 | NOTE | |||
r-oldrel-macos-x86_64 | 2.2.1 | 56.00 | NOTE | |||
r-oldrel-windows-ix86+x86_64 | 2.2.1 | 19.00 | 109.00 | 128.00 | NOTE |
Version: 2.2.1
Check: LazyData
Result: NOTE
'LazyData' is specified without a 'data' directory
Flavors: r-devel-linux-x86_64-debian-clang, r-devel-linux-x86_64-debian-gcc, r-devel-linux-x86_64-fedora-clang, r-devel-linux-x86_64-fedora-gcc, r-devel-windows-x86_64, r-patched-linux-x86_64, r-release-linux-x86_64, r-release-macos-arm64, r-release-macos-x86_64, r-release-windows-x86_64, r-oldrel-macos-arm64, r-oldrel-macos-x86_64, r-oldrel-windows-ix86+x86_64