CRAN Package Check Results for Package RprobitB

Last updated on 2022-12-09 23:52:18 CET.

Flavor Version Tinstall Tcheck Ttotal Status Flags
r-devel-linux-x86_64-debian-clang 1.1.2 116.38 526.35 642.73 OK
r-devel-linux-x86_64-debian-gcc 1.1.2 90.82 377.28 468.10 OK
r-devel-linux-x86_64-fedora-clang 1.1.2 790.08 OK
r-devel-linux-x86_64-fedora-gcc 1.1.2 778.46 OK
r-devel-windows-x86_64 1.1.2 134.00 612.00 746.00 OK
r-patched-linux-x86_64 1.1.2 93.87 473.41 567.28 OK
r-release-linux-x86_64 1.1.2 74.11 452.74 526.85 OK
r-release-macos-arm64 1.1.2 203.00 NOTE
r-release-macos-x86_64 1.1.2 238.00 NOTE
r-release-windows-x86_64 1.1.2 141.00 535.00 676.00 OK
r-oldrel-macos-arm64 1.1.2 207.00 NOTE
r-oldrel-macos-x86_64 1.1.2 253.00 NOTE
r-oldrel-windows-ix86+x86_64 1.1.2 254.00 763.00 1017.00 NOTE

Check Details

Version: 1.1.2
Check: installed package size
Result: NOTE
     installed size is 8.6Mb
     sub-directories of 1Mb or more:
     data 1.1Mb
     libs 6.0Mb
Flavors: r-release-macos-arm64, r-release-macos-x86_64, r-oldrel-macos-arm64, r-oldrel-macos-x86_64, r-oldrel-windows-ix86+x86_64