CRAN Package Check Results for Package RoundAndRound

Last updated on 2020-05-24 23:47:54 CEST.

Flavor Version Tinstall Tcheck Ttotal Status Flags
r-devel-linux-x86_64-debian-clang 0.0.1 2.52 22.91 25.43 OK
r-devel-linux-x86_64-debian-gcc 0.0.1 1.88 18.09 19.97 OK
r-devel-linux-x86_64-fedora-clang 0.0.1 31.68 NOTE
r-devel-linux-x86_64-fedora-gcc 0.0.1 30.01 NOTE
r-devel-windows-ix86+x86_64 0.0.1 15.00 37.00 52.00 OK
r-patched-linux-x86_64 0.0.1 2.46 22.87 25.33 OK
r-patched-solaris-x86 0.0.1 46.80 NOTE
r-release-linux-x86_64 0.0.1 2.51 22.45 24.96 OK
r-release-osx-x86_64 0.0.1 NOTE
r-release-windows-ix86+x86_64 0.0.1 22.00 50.00 72.00 OK
r-oldrel-osx-x86_64 0.0.1 NOTE
r-oldrel-windows-ix86+x86_64 0.0.1 5.00 55.00 60.00 OK

Check Details

Version: 0.0.1
Check: dependencies in R code
Result: NOTE
    Namespace in Imports field not imported from: ‘geometry’
     All declared Imports should be used.
Flavors: r-devel-linux-x86_64-fedora-clang, r-devel-linux-x86_64-fedora-gcc, r-patched-solaris-x86, r-release-osx-x86_64, r-oldrel-osx-x86_64