CRAN Package Check Results for Package RoundAndRound

Last updated on 2019-11-10 23:48:39 CET.

Flavor Version Tinstall Tcheck Ttotal Status Flags
r-devel-linux-x86_64-debian-clang 0.0.1 2.45 20.71 23.16 OK
r-devel-linux-x86_64-debian-gcc 0.0.1 2.03 16.78 18.81 OK
r-devel-linux-x86_64-fedora-clang 0.0.1 29.67 NOTE
r-devel-linux-x86_64-fedora-gcc 0.0.1 28.09 NOTE
r-devel-windows-ix86+x86_64 0.0.1 7.00 36.00 43.00 OK
r-patched-linux-x86_64 0.0.1 2.17 20.15 22.32 OK
r-patched-solaris-x86 0.0.1 45.30 NOTE
r-release-linux-x86_64 0.0.1 1.94 20.29 22.23 OK
r-release-windows-ix86+x86_64 0.0.1 8.00 36.00 44.00 OK
r-release-osx-x86_64 0.0.1 NOTE
r-oldrel-windows-ix86+x86_64 0.0.1 5.00 52.00 57.00 OK
r-oldrel-osx-x86_64 0.0.1 NOTE

Check Details

Version: 0.0.1
Check: dependencies in R code
Result: NOTE
    Namespace in Imports field not imported from: ‘geometry’
     All declared Imports should be used.
Flavors: r-devel-linux-x86_64-fedora-clang, r-devel-linux-x86_64-fedora-gcc, r-patched-solaris-x86, r-release-osx-x86_64, r-oldrel-osx-x86_64