Last updated on 2023-03-27 00:50:36 CEST.
Flavor | Version | Tinstall | Tcheck | Ttotal | Status | Flags |
---|---|---|---|---|---|---|
r-devel-linux-x86_64-debian-clang | 0.6.5 | 73.20 | 71.05 | 144.25 | OK | |
r-devel-linux-x86_64-debian-gcc | 0.6.5 | 64.00 | 51.59 | 115.59 | WARN | |
r-devel-linux-x86_64-fedora-gcc | 0.6.5 | 195.30 | WARN | |||
r-devel-windows-x86_64 | 0.6.5 | 114.00 | 157.00 | 271.00 | WARN | |
r-patched-linux-x86_64 | 0.6.5 | 72.65 | 64.99 | 137.64 | OK | |
r-release-linux-x86_64 | 0.6.5 | 53.39 | 60.75 | 114.14 | OK | |
r-release-macos-arm64 | 0.6.5 | 50.00 | NOTE | |||
r-release-macos-x86_64 | 0.6.5 | 67.00 | NOTE | |||
r-release-windows-x86_64 | 0.6.5 | 125.00 | 138.00 | 263.00 | OK | |
r-oldrel-macos-arm64 | 0.6.5 | 49.00 | NOTE | |||
r-oldrel-macos-x86_64 | 0.6.5 | 70.00 | NOTE | |||
r-oldrel-windows-ix86+x86_64 | 0.6.5 | 148.00 | 149.00 | 297.00 | OK |
Version: 0.6.5
Check: whether package can be installed
Result: WARN
Found the following significant warnings:
/usr/lib/gcc/x86_64-linux-gnu/12/include/emmintrin.h:131:24: warning: array subscript ‘__m128d_u[0]’ is partly outside array bounds of ‘Eigen::internal::plain_matrix_type<Eigen::Product<Eigen::Block<Eigen::Matrix<double, -1, -1>, 1, -1, false>, Eigen::Transpose<Eigen::Block<Eigen::Matrix<double, -1, -1>, 1, -1, false> >, 0>, Eigen::Dense>::type [1]’ {aka ‘Eigen::Matrix<double, 1, 1, 0, 1, 1> [1]’} [-Warray-bounds]
See ‘/home/hornik/tmp/R.check/r-devel-gcc/Work/PKGS/RobustGaSP.Rcheck/00install.out’ for details.
* used C compiler: ‘gcc-12 (Debian 12.2.0-14) 12.2.0’
* used C++ compiler: ‘g++-12 (Debian 12.2.0-14) 12.2.0’
Flavor: r-devel-linux-x86_64-debian-gcc
Version: 0.6.5
Check: whether package can be installed
Result: WARN
Found the following significant warnings:
/usr/lib/gcc/x86_64-redhat-linux/12/include/emmintrin.h:131:24: warning: array subscript ‘__m128d_u[0]’ is partly outside array bounds of ‘Eigen::internal::plain_matrix_type<Eigen::Product<Eigen::Block<Eigen::Matrix<double, -1, -1>, 1, -1, false>, Eigen::Transpose<Eigen::Block<Eigen::Matrix<double, -1, -1>, 1, -1, false> >, 0>, Eigen::Dense>::type [1]’ {aka ‘Eigen::Matrix<double, 1, 1, 0, 1, 1> [1]’} [-Warray-bounds]
See ‘/data/gannet/ripley/R/packages/tests-devel/RobustGaSP.Rcheck/00install.out’ for details.
* used C compiler: ‘gcc (GCC) 12.2.1 20221121 (Red Hat 12.2.1-4)’
* used C++ compiler: ‘g++ (GCC) 12.2.1 20221121 (Red Hat 12.2.1-4)’
Flavor: r-devel-linux-x86_64-fedora-gcc
Version: 0.6.5
Check: whether package can be installed
Result: WARN
Found the following significant warnings:
d:\rtools43\x86_64-w64-mingw32.static.posix\lib\gcc\x86_64-w64-mingw32.static.posix\12.2.0\include\emmintrin.h:131:24: warning: array subscript '__m128d_u[0]' is partly outside array bounds of 'Eigen::internal::plain_matrix_type<Eigen::Product<Eigen::Block<Eigen::Matrix<double, -1, -1>, 1, -1, false>, Eigen::Transpose<Eigen::Block<Eigen::Matrix<double, -1, -1>, 1, -1, false> >, 0>, Eigen::Dense>::type [1]' {aka 'Eigen::Matrix<double, 1, 1, 0, 1, 1> [1]'} [-Warray-bounds]
See 'd:/Rcompile/CRANpkg/local/4.3/RobustGaSP.Rcheck/00install.out' for details.
* used C compiler: 'gcc.exe (GCC) 12.2.0'
* used C++ compiler: 'g++.exe (GCC) 12.2.0'
Flavor: r-devel-windows-x86_64
Version: 0.6.5
Check: installed package size
Result: NOTE
installed size is 29.4Mb
sub-directories of 1Mb or more:
libs 28.8Mb
Flavors: r-release-macos-arm64, r-release-macos-x86_64, r-oldrel-macos-arm64, r-oldrel-macos-x86_64