CRAN Package Check Results for Package RobustGaSP

Last updated on 2024-04-19 00:12:08 CEST.

Flavor Version Tinstall Tcheck Ttotal Status Flags
r-devel-linux-x86_64-debian-clang 0.6.6 84.62 70.65 155.27 OK
r-devel-linux-x86_64-debian-gcc 0.6.6 80.98 53.95 134.93 OK
r-devel-linux-x86_64-fedora-clang 0.6.6 193.83 OK
r-devel-linux-x86_64-fedora-gcc 0.6.6 232.97 OK
r-prerel-macos-arm64 0.6.6 54.00 NOTE
r-prerel-macos-x86_64 0.6.6 152.00 NOTE
r-prerel-windows-x86_64 0.6.6 66.00 105.00 171.00 OK
r-patched-linux-x86_64 0.6.6 69.97 69.90 139.87 OK
r-release-linux-x86_64 0.6.6 72.42 68.77 141.19 OK
r-release-macos-arm64 0.6.6 58.00 NOTE
r-release-macos-x86_64 0.6.6 137.00 NOTE
r-release-windows-x86_64 0.6.6 81.00 124.00 205.00 WARN
r-oldrel-macos-arm64 0.6.6 54.00 NOTE
r-oldrel-windows-x86_64 0.6.6 81.00 116.00 197.00 OK

Check Details

Version: 0.6.6
Check: installed package size
Result: NOTE installed size is 38.9Mb sub-directories of 1Mb or more: libs 38.3Mb Flavors: r-prerel-macos-arm64, r-prerel-macos-x86_64, r-release-macos-arm64, r-release-macos-x86_64, r-oldrel-macos-arm64

Version: 0.6.6
Check: whether package can be installed
Result: WARN Found the following significant warnings: d:\rtools43\x86_64-w64-mingw32.static.posix\lib\gcc\x86_64-w64-mingw32.static.posix\12.3.0\include\emmintrin.h:134:24: warning: array subscript '__m128d_u[0]' is partly outside array bounds of 'Eigen::internal::plain_matrix_type<Eigen::Product<Eigen::Block<Eigen::Matrix<double, -1, -1>, 1, -1, false>, Eigen::Transpose<Eigen::Block<Eigen::Matrix<double, -1, -1>, 1, -1, false> >, 0>, Eigen::Dense>::type [1]' {aka 'Eigen::Matrix<double, 1, 1, 0, 1, 1> [1]'} [-Warray-bounds] See 'd:/Rcompile/CRANpkg/local/4.3/RobustGaSP.Rcheck/00install.out' for details. * used C compiler: 'gcc.exe (GCC) 12.3.0' * used C++ compiler: 'g++.exe (GCC) 12.3.0' Flavor: r-release-windows-x86_64