CRAN Package Check Results for Package RobLox

Last updated on 2022-07-06 23:52:53 CEST.

Flavor Version Tinstall Tcheck Ttotal Status Flags
r-devel-linux-x86_64-debian-clang 1.2.0 21.85 201.66 223.51 OK
r-devel-linux-x86_64-debian-gcc 1.2.0 19.26 146.42 165.68 OK
r-devel-linux-x86_64-fedora-clang 1.2.0 268.63 NOTE
r-devel-linux-x86_64-fedora-gcc 1.2.0 273.14 OK
r-devel-windows-x86_64 1.2.0 41.00 223.00 264.00 OK
r-patched-linux-x86_64 1.2.0 21.58 193.29 214.87 OK
r-release-linux-x86_64 1.2.0 21.22 188.10 209.32 OK
r-release-macos-arm64 1.2.0 69.00 OK
r-release-macos-x86_64 1.2.0 113.00 OK
r-release-windows-x86_64 1.2.0 33.00 221.00 254.00 OK
r-oldrel-macos-arm64 1.2.0 77.00 OK
r-oldrel-macos-x86_64 1.2.0 88.00 OK
r-oldrel-windows-ix86+x86_64 1.2.0 42.00 217.00 259.00 OK

Check Details

Version: 1.2.0
Check: Rd cross-references
Result: NOTE
    Undeclared package ‘ROptEst’ in Rd xrefs
Flavor: r-devel-linux-x86_64-fedora-clang