CRAN Package Check Results for Package RoBSA

Last updated on 2022-11-29 22:53:46 CET.

Flavor Version Tinstall Tcheck Ttotal Status Flags
r-devel-linux-x86_64-debian-clang 1.0.0 24.10 115.99 140.09 OK
r-devel-linux-x86_64-debian-gcc 1.0.0 16.48 87.81 104.29 OK
r-devel-linux-x86_64-fedora-clang 1.0.0 198.46 NOTE
r-devel-linux-x86_64-fedora-gcc 1.0.0 207.81 NOTE
r-devel-windows-x86_64 1.0.0 54.00 194.00 248.00 OK
r-patched-linux-x86_64 1.0.0 20.77 109.74 130.51 OK
r-release-linux-x86_64 1.0.0 19.62 110.79 130.41 OK
r-release-macos-arm64 1.0.0 66.00 NOTE
r-release-macos-x86_64 1.0.0 93.00 NOTE
r-release-windows-x86_64 1.0.0 51.00 192.00 243.00 OK
r-oldrel-macos-arm64 1.0.0 66.00 NOTE
r-oldrel-macos-x86_64 1.0.0 93.00 NOTE
r-oldrel-windows-ix86+x86_64 1.0.0 51.00 263.00 314.00 OK

Check Details

Version: 1.0.0
Check: dependencies in R code
Result: NOTE
    Namespaces in Imports field not imported from:
     ‘Rdpack’ ‘bridgesampling’ ‘runjags’
     All declared Imports should be used.
Flavors: r-devel-linux-x86_64-fedora-clang, r-devel-linux-x86_64-fedora-gcc, r-release-macos-arm64, r-release-macos-x86_64, r-oldrel-macos-arm64, r-oldrel-macos-x86_64

Version: 1.0.0
Check: Rd cross-references
Result: NOTE
    Undeclared package ‘extraDistr’ in Rd xrefs
Flavor: r-devel-linux-x86_64-fedora-clang