Last updated on 2022-06-26 23:52:08 CEST.
Flavor | Version | Tinstall | Tcheck | Ttotal | Status | Flags |
---|---|---|---|---|---|---|
r-devel-linux-x86_64-debian-clang | 1.3.5 | 2.11 | 22.70 | 24.81 | NOTE | |
r-devel-linux-x86_64-debian-gcc | 1.3.5 | 1.71 | 17.82 | 19.53 | NOTE | |
r-devel-linux-x86_64-fedora-clang | 1.3.5 | 41.44 | OK | |||
r-devel-linux-x86_64-fedora-gcc | 1.3.5 | 41.17 | OK | |||
r-devel-windows-x86_64 | 1.3.5 | 14.00 | 51.00 | 65.00 | OK | |
r-patched-linux-x86_64 | 1.3.5 | 2.33 | 22.09 | 24.42 | NOTE | |
r-release-linux-x86_64 | 1.3.5 | 1.79 | 22.31 | 24.10 | NOTE | |
r-release-macos-arm64 | 1.3.5 | 16.00 | OK | |||
r-release-macos-x86_64 | 1.3.5 | 20.00 | OK | |||
r-release-windows-x86_64 | 1.3.5 | 10.00 | 54.00 | 64.00 | OK | |
r-oldrel-macos-arm64 | 1.3.5 | 24.00 | OK | |||
r-oldrel-macos-x86_64 | 1.3.5 | 25.00 | OK | |||
r-oldrel-windows-ix86+x86_64 | 1.3.5 | 5.00 | 41.00 | 46.00 | OK |
Version: 1.3.5
Check: R code for possible problems
Result: NOTE
Found the following calls to attach():
File 'Rmosek/R/builder.R':
attach(builderenv, pos, name, warn.conflicts)
See section 'Good practice' in '?attach'.
Flavors: r-devel-linux-x86_64-debian-clang, r-devel-linux-x86_64-debian-gcc, r-patched-linux-x86_64, r-release-linux-x86_64