CRAN Package Check Results for Package Rlinsolve

Last updated on 2022-01-25 23:50:37 CET.

Flavor Version Tinstall Tcheck Ttotal Status Flags
r-devel-linux-x86_64-debian-clang 0.3.2 305.46 85.14 390.60 OK
r-devel-linux-x86_64-debian-gcc 0.3.2 231.20 71.19 302.39 OK
r-devel-linux-x86_64-fedora-clang 0.3.2 583.93 NOTE
r-devel-linux-x86_64-fedora-gcc 0.3.2 502.21 OK
r-devel-windows-x86_64-new-UL 0.3.2 229.00 125.00 354.00 OK
r-devel-windows-x86_64-new-TK 0.3.2 OK
r-patched-linux-x86_64 0.3.2 260.78 78.01 338.79 OK
r-release-linux-x86_64 0.3.2 251.69 79.98 331.67 OK
r-release-macos-arm64 0.3.2 NOTE
r-release-macos-x86_64 0.3.2 NOTE
r-release-windows-ix86+x86_64 0.3.2 653.00 138.00 791.00 OK
r-oldrel-macos-x86_64 0.3.2 NOTE
r-oldrel-windows-ix86+x86_64 0.3.2 655.00 134.00 789.00 OK

Check Details

Version: 0.3.2
Check: installed package size
Result: NOTE
     installed size is 20.7Mb
     sub-directories of 1Mb or more:
     libs 20.5Mb
Flavors: r-devel-linux-x86_64-fedora-clang, r-release-macos-arm64, r-release-macos-x86_64, r-oldrel-macos-x86_64