CRAN Package Check Results for Package Rivivc

Last updated on 2019-11-10 23:48:39 CET.

Flavor Version Tinstall Tcheck Ttotal Status Flags
r-devel-linux-x86_64-debian-clang 0.9 2.15 24.53 26.68 NOTE
r-devel-linux-x86_64-debian-gcc 0.9 1.75 19.77 21.52 NOTE
r-devel-linux-x86_64-fedora-clang 0.9 33.53 NOTE
r-devel-linux-x86_64-fedora-gcc 0.9 33.61 NOTE
r-devel-windows-ix86+x86_64 0.9 6.00 41.00 47.00 NOTE
r-patched-linux-x86_64 0.9 1.74 25.69 27.43 NOTE
r-patched-solaris-x86 0.9 51.40 NOTE
r-release-linux-x86_64 0.9 1.67 25.66 27.33 NOTE
r-release-windows-ix86+x86_64 0.9 5.00 41.00 46.00 NOTE
r-release-osx-x86_64 0.9 NOTE
r-oldrel-windows-ix86+x86_64 0.9 5.00 42.00 47.00 NOTE
r-oldrel-osx-x86_64 0.9 NOTE

Check Details

Version: 0.9
Check: dependencies in R code
Result: NOTE
    Packages in Depends field not imported from:
     'compiler' 'signal'
     These packages need to be imported from (in the NAMESPACE file)
     for when this namespace is loaded but not attached.
Flavors: r-devel-linux-x86_64-debian-clang, r-devel-linux-x86_64-debian-gcc, r-devel-linux-x86_64-fedora-clang, r-devel-linux-x86_64-fedora-gcc, r-devel-windows-ix86+x86_64, r-patched-linux-x86_64, r-patched-solaris-x86, r-release-linux-x86_64, r-release-windows-ix86+x86_64, r-release-osx-x86_64, r-oldrel-windows-ix86+x86_64, r-oldrel-osx-x86_64

Version: 0.9
Check: R code for possible problems
Result: NOTE
    NumConv: no visible global function definition for 'pchip'
    NumConv: no visible global function definition for 'cmpfun'
    NumDeconv: no visible global function definition for 'pchip'
    NumDeconv : error_function: no visible global function definition for
     'pchip'
    NumDeconv: no visible global function definition for 'cmpfun'
    NumDeconv: no visible global function definition for 'optim'
    RivivcA: no visible global function definition for 'lm'
    Undefined global functions or variables:
     cmpfun lm optim pchip
    Consider adding
     importFrom("stats", "lm", "optim")
    to your NAMESPACE file.
Flavors: r-devel-linux-x86_64-debian-clang, r-devel-linux-x86_64-debian-gcc, r-devel-linux-x86_64-fedora-clang, r-devel-linux-x86_64-fedora-gcc, r-devel-windows-ix86+x86_64, r-patched-linux-x86_64, r-patched-solaris-x86, r-release-linux-x86_64, r-release-windows-ix86+x86_64, r-release-osx-x86_64, r-oldrel-windows-ix86+x86_64, r-oldrel-osx-x86_64

Version: 0.9
Check: Rd line widths
Result: NOTE
    Rd file 'NumConv.Rd':
     \usage lines wider than 90 characters:
     NumConv(impulse.matrix, input.matrix, conv.timescale = NULL, explicit.interpolation = 1000)
    
    Rd file 'RivivcA.Rd':
     \examples lines wider than 100 characters:
     result<-RivivcA(input_mtx,impulse_mtx,resp_mtx,explicit.interp=accur_explic,implicit.interp=accur_implic)
    
    These lines will be truncated in the PDF manual.
Flavors: r-devel-linux-x86_64-debian-clang, r-devel-linux-x86_64-debian-gcc, r-devel-linux-x86_64-fedora-clang, r-devel-linux-x86_64-fedora-gcc, r-patched-linux-x86_64, r-release-linux-x86_64