CRAN Package Check Results for Package RiemBase

Last updated on 2019-11-10 23:48:38 CET.

Flavor Version Tinstall Tcheck Ttotal Status Flags
r-devel-linux-x86_64-debian-clang 0.2.3 45.37 27.89 73.26 OK
r-devel-linux-x86_64-debian-gcc 0.2.3 35.97 22.22 58.19 OK
r-devel-linux-x86_64-fedora-clang 0.2.3 105.95 OK
r-devel-linux-x86_64-fedora-gcc 0.2.3 94.42 OK
r-devel-windows-ix86+x86_64 0.2.3 84.00 68.00 152.00 OK
r-patched-linux-x86_64 0.2.3 33.07 27.09 60.16 OK
r-patched-solaris-x86 0.2.3 100.50 OK
r-release-linux-x86_64 0.2.3 34.02 27.15 61.17 OK
r-release-windows-ix86+x86_64 0.2.3 107.00 65.00 172.00 OK
r-release-osx-x86_64 0.2.3 NOTE
r-oldrel-windows-ix86+x86_64 0.2.3 102.00 63.00 165.00 OK
r-oldrel-osx-x86_64 0.2.3 OK

Check Details

Version: 0.2.3
Check: installed package size
Result: NOTE
     installed size is 5.1Mb
     sub-directories of 1Mb or more:
     libs 4.9Mb
Flavor: r-release-osx-x86_64