CRAN Package Check Results for Package Rglpk

Last updated on 2022-05-22 23:51:53 CEST.

Flavor Version Tinstall Tcheck Ttotal Status Flags
r-devel-linux-x86_64-debian-clang 0.6-4 4.13 35.28 39.41 OK
r-devel-linux-x86_64-debian-gcc 0.6-4 3.35 27.15 30.50 OK
r-devel-linux-x86_64-fedora-clang 0.6-4 48.41 NOTE
r-devel-linux-x86_64-fedora-gcc 0.6-4 47.92 OK
r-devel-windows-x86_64 0.6-4 20.00 56.00 76.00 OK
r-patched-linux-x86_64 0.6-4 3.99 33.20 37.19 OK
r-release-linux-x86_64 0.6-4 3.69 33.18 36.87 OK
r-release-macos-arm64 0.6-4 19.00 OK
r-release-macos-x86_64 0.6-4 24.00 OK
r-release-windows-x86_64 0.6-4 11.00 53.00 64.00 OK
r-oldrel-macos-arm64 0.6-4 25.00 NOTE
r-oldrel-macos-x86_64 0.6-4 26.00 OK
r-oldrel-windows-ix86+x86_64 0.6-4 12.00 54.00 66.00 OK

Check Details

Version: 0.6-4
Check: Rd cross-references
Result: NOTE
    Undeclared packages ‘lpSolve’, ‘ROI’, ‘Rsymphony’ in Rd xrefs
Flavor: r-devel-linux-x86_64-fedora-clang

Version: 0.6-4
Check: Rd cross-references
Result: NOTE
    Package unavailable to check Rd xrefs: ‘Rsymphony’
Flavor: r-oldrel-macos-arm64