Last updated on 2023-02-05 23:58:54 CET.
Flavor | Version | Tinstall | Tcheck | Ttotal | Status | Flags |
---|---|---|---|---|---|---|
r-devel-linux-x86_64-debian-clang | 0.1.1 | 2.38 | 28.13 | 30.51 | NOTE | |
r-devel-linux-x86_64-debian-gcc | 0.1.1 | 2.16 | 22.17 | 24.33 | NOTE | |
r-devel-linux-x86_64-fedora-clang | 0.1.1 | 39.86 | NOTE | |||
r-devel-linux-x86_64-fedora-gcc | 0.1.1 | 38.88 | NOTE | |||
r-devel-windows-x86_64 | 0.1.1 | 21.00 | 69.00 | 90.00 | NOTE | |
r-patched-linux-x86_64 | 0.1.1 | 3.30 | 26.72 | 30.02 | NOTE | |
r-release-linux-x86_64 | 0.1.1 | 1.89 | 26.57 | 28.46 | NOTE | |
r-release-macos-arm64 | 0.1.1 | 20.00 | NOTE | |||
r-release-macos-x86_64 | 0.1.1 | 23.00 | NOTE | |||
r-release-windows-x86_64 | 0.1.1 | 25.00 | 63.00 | 88.00 | NOTE | |
r-oldrel-macos-arm64 | 0.1.1 | 22.00 | NOTE | |||
r-oldrel-macos-x86_64 | 0.1.1 | 29.00 | NOTE | |||
r-oldrel-windows-ix86+x86_64 | 0.1.1 | 6.00 | 55.00 | 61.00 | NOTE |
Version: 0.1.1
Check: LazyData
Result: NOTE
'LazyData' is specified without a 'data' directory
Flavors: r-devel-linux-x86_64-debian-clang, r-devel-linux-x86_64-debian-gcc, r-devel-linux-x86_64-fedora-clang, r-devel-linux-x86_64-fedora-gcc, r-devel-windows-x86_64, r-patched-linux-x86_64, r-release-linux-x86_64, r-release-macos-arm64, r-release-macos-x86_64, r-release-windows-x86_64, r-oldrel-macos-arm64, r-oldrel-macos-x86_64, r-oldrel-windows-ix86+x86_64