CRAN Package Check Results for Package Rfast2

Last updated on 2022-06-26 23:52:08 CEST.

Flavor Version Tinstall Tcheck Ttotal Status Flags
r-devel-linux-x86_64-debian-clang 0.1.3 521.24 78.33 599.57 NOTE
r-devel-linux-x86_64-debian-gcc 0.1.3 421.56 57.88 479.44 NOTE
r-devel-linux-x86_64-fedora-clang 0.1.3 935.52 NOTE
r-devel-linux-x86_64-fedora-gcc 0.1.3 788.87 NOTE
r-devel-windows-x86_64 0.1.3 375.00 134.00 509.00 NOTE
r-patched-linux-x86_64 0.1.3 462.39 69.31 531.70 OK
r-release-linux-x86_64 0.1.3 447.68 70.03 517.71 OK
r-release-macos-arm64 0.1.3 184.00 NOTE
r-release-macos-x86_64 0.1.3 221.00 NOTE
r-release-windows-x86_64 0.1.3 362.00 138.00 500.00 OK
r-oldrel-macos-arm64 0.1.3 166.00 NOTE
r-oldrel-macos-x86_64 0.1.3 217.00 NOTE
r-oldrel-windows-ix86+x86_64 0.1.3 1214.00 139.00 1353.00 NOTE

Check Details

Version: 0.1.3
Check: Rd files
Result: NOTE
    checkRd: (-1) boot.james.Rd:47: Escaped LaTeX specials: \&
    checkRd: (-1) boot.student2.Rd:41: Escaped LaTeX specials: \&
    checkRd: (-1) coljack.means.Rd:32: Escaped LaTeX specials: \&
    checkRd: (-1) collognorm.mle.Rd:69: Escaped LaTeX specials: \&
    checkRd: (-1) collognorm.mle.Rd:71: Escaped LaTeX specials: \&
    checkRd: (-1) fipois.reg.Rd:66: Escaped LaTeX specials: \&
    checkRd: (-1) halfcauchy.mle.Rd:46: Escaped LaTeX specials: \&
    checkRd: (-1) halfcauchy.mle.Rd:48: Escaped LaTeX specials: \&
    checkRd: (-1) jack.mean.Rd:30: Escaped LaTeX specials: \&
    checkRd: (-1) lm.parboot.Rd:37: Escaped LaTeX specials: \&
    checkRd: (-1) multivm.mle.Rd:62: Escaped LaTeX specials: \&
Flavors: r-devel-linux-x86_64-debian-clang, r-devel-linux-x86_64-debian-gcc, r-devel-linux-x86_64-fedora-clang, r-devel-linux-x86_64-fedora-gcc, r-devel-windows-x86_64

Version: 0.1.3
Check: installed package size
Result: NOTE
     installed size is 18.6Mb
     sub-directories of 1Mb or more:
     libs 17.9Mb
Flavors: r-devel-linux-x86_64-fedora-clang, r-release-macos-arm64, r-release-macos-x86_64, r-oldrel-macos-arm64, r-oldrel-macos-x86_64, r-oldrel-windows-ix86+x86_64