CRAN Package Check Results for Package Rexperigen

Last updated on 2021-04-17 23:48:37 CEST.

Flavor Version Tinstall Tcheck Ttotal Status Flags
r-devel-linux-x86_64-debian-clang 0.2.1 2.01 24.63 26.64 NOTE
r-devel-linux-x86_64-debian-gcc 0.2.1 1.65 19.52 21.17 NOTE
r-devel-linux-x86_64-fedora-clang 0.2.1 42.29 NOTE
r-devel-linux-x86_64-fedora-gcc 0.2.1 48.10 NOTE
r-devel-windows-ix86+x86_64 0.2.1 5.00 41.00 46.00 NOTE
r-devel-windows-x86_64-gcc10-UCRT 0.2.1 NOTE
r-patched-linux-x86_64 0.2.1 2.15 23.98 26.13 OK
r-patched-solaris-x86 0.2.1 47.40 OK
r-release-linux-x86_64 0.2.1 2.05 23.91 25.96 OK
r-release-macos-x86_64 0.2.1 OK
r-release-windows-ix86+x86_64 0.2.1 5.00 57.00 62.00 OK
r-oldrel-macos-x86_64 0.2.1 OK
r-oldrel-windows-ix86+x86_64 0.2.1 4.00 40.00 44.00 OK

Check Details

Version: 0.2.1
Check: LazyData
Result: NOTE
     'LazyData' is specified without a 'data' directory
Flavors: r-devel-linux-x86_64-debian-clang, r-devel-linux-x86_64-debian-gcc, r-devel-linux-x86_64-fedora-clang, r-devel-linux-x86_64-fedora-gcc, r-devel-windows-ix86+x86_64, r-devel-windows-x86_64-gcc10-UCRT