Last updated on 2022-07-06 23:52:53 CEST.
Flavor | Version | Tinstall | Tcheck | Ttotal | Status | Flags |
---|---|---|---|---|---|---|
r-devel-linux-x86_64-debian-clang | 1.0.0 | 3.98 | 34.16 | 38.14 | NOTE | |
r-devel-linux-x86_64-debian-gcc | 1.0.0 | 3.05 | 26.83 | 29.88 | NOTE | |
r-devel-linux-x86_64-fedora-clang | 1.0.0 | 57.49 | NOTE | |||
r-devel-linux-x86_64-fedora-gcc | 1.0.0 | 57.09 | NOTE | |||
r-devel-windows-x86_64 | 1.0.0 | 24.00 | 66.00 | 90.00 | OK | |
r-patched-linux-x86_64 | 1.0.0 | 3.80 | 33.40 | 37.20 | NOTE | |
r-release-linux-x86_64 | 1.0.0 | 4.02 | 32.82 | 36.84 | NOTE | |
r-release-macos-arm64 | 1.0.0 | 16.00 | NOTE | |||
r-release-macos-x86_64 | 1.0.0 | 35.00 | NOTE | |||
r-release-windows-x86_64 | 1.0.0 | 25.00 | 65.00 | 90.00 | OK | |
r-oldrel-macos-arm64 | 1.0.0 | 18.00 | OK | |||
r-oldrel-macos-x86_64 | 1.0.0 | 26.00 | OK | |||
r-oldrel-windows-ix86+x86_64 | 1.0.0 | 11.00 | 65.00 | 76.00 | OK |
Version: 1.0.0
Check: package dependencies
Result: NOTE
Package suggested but not available for checking: 'RevGadgets'
Flavors: r-devel-linux-x86_64-debian-clang, r-devel-linux-x86_64-debian-gcc, r-devel-linux-x86_64-fedora-clang, r-devel-linux-x86_64-fedora-gcc, r-patched-linux-x86_64, r-release-linux-x86_64, r-release-macos-arm64, r-release-macos-x86_64