CRAN Package Check Results for Package Renext

Last updated on 2024-07-21 00:56:27 CEST.

Flavor Version Tinstall Tcheck Ttotal Status Flags
r-devel-linux-x86_64-debian-clang 3.1-4 12.61 115.33 127.94 OK
r-devel-linux-x86_64-debian-gcc 3.1-4 12.05 83.44 95.49 OK
r-devel-linux-x86_64-fedora-clang 3.1-4 171.59 OK
r-devel-linux-x86_64-fedora-gcc 3.1-4 159.61 OK
r-devel-windows-x86_64 3.1-4 13.00 114.00 127.00 NOTE
r-patched-linux-x86_64 3.1-4 14.36 111.91 126.27 OK
r-release-linux-x86_64 3.1-4 13.92 112.82 126.74 OK
r-release-macos-arm64 3.1-4 38.00 OK
r-release-macos-x86_64 3.1-4 62.00 OK
r-release-windows-x86_64 3.1-4 15.00 112.00 127.00 OK
r-oldrel-macos-arm64 3.1-4 45.00 OK
r-oldrel-macos-x86_64 3.1-4 112.00 OK
r-oldrel-windows-x86_64 3.1-4 16.00 135.00 151.00 OK

Check Details

Version: 3.1-4
Check: Rd cross-references
Result: NOTE Found the following Rd file(s) with Rd \link{} targets missing package anchors: NBlevy.Rd: glm.nb Please provide package anchors for all Rd \link{} targets not in the package itself and the base packages. Flavor: r-devel-windows-x86_64