Last updated on 2022-07-05 23:55:50 CEST.
Flavor | Version | Tinstall | Tcheck | Ttotal | Status | Flags |
---|---|---|---|---|---|---|
r-devel-linux-x86_64-debian-clang | 0.1.0 | 1.42 | 21.90 | 23.32 | OK | |
r-devel-linux-x86_64-debian-gcc | 0.1.0 | 1.65 | 17.23 | 18.88 | OK | |
r-devel-linux-x86_64-fedora-clang | 0.1.0 | 39.82 | NOTE | |||
r-devel-linux-x86_64-fedora-gcc | 0.1.0 | 39.26 | NOTE | |||
r-devel-windows-x86_64 | 0.1.0 | 12.00 | 48.00 | 60.00 | OK | |
r-patched-linux-x86_64 | 0.1.0 | 1.77 | 21.41 | 23.18 | OK | |
r-release-linux-x86_64 | 0.1.0 | 1.41 | 21.42 | 22.83 | OK | |
r-release-macos-arm64 | 0.1.0 | 13.00 | NOTE | |||
r-release-macos-x86_64 | 0.1.0 | 20.00 | NOTE | |||
r-release-windows-x86_64 | 0.1.0 | 10.00 | 49.00 | 59.00 | OK | |
r-oldrel-macos-arm64 | 0.1.0 | 18.00 | NOTE | |||
r-oldrel-macos-x86_64 | 0.1.0 | 25.00 | NOTE | |||
r-oldrel-windows-ix86+x86_64 | 0.1.0 | 5.00 | 48.00 | 53.00 | OK |
Version: 0.1.0
Check: dependencies in R code
Result: NOTE
Namespace in Imports field not imported from: ‘MASS’
All declared Imports should be used.
Flavors: r-devel-linux-x86_64-fedora-clang, r-devel-linux-x86_64-fedora-gcc, r-release-macos-arm64, r-release-macos-x86_64, r-oldrel-macos-arm64, r-oldrel-macos-x86_64