CRAN Package Check Results for Package Rdroolsjars

Last updated on 2020-02-17 00:49:24 CET.

Flavor Version Tinstall Tcheck Ttotal Status Flags
r-devel-linux-x86_64-debian-clang 1.0.1 4.90 30.63 35.53 OK
r-devel-linux-x86_64-debian-gcc 1.0.1 3.50 24.29 27.79 OK
r-devel-linux-x86_64-fedora-clang 1.0.1 42.73 NOTE
r-devel-windows-ix86+x86_64 1.0.1 9.00 47.00 56.00 NOTE
r-devel-windows-ix86+x86_64-gcc8 1.0.1 15.00 62.00 77.00 NOTE
r-patched-linux-x86_64 1.0.1 3.21 27.66 30.87 OK
r-patched-solaris-x86 1.0.1 59.10 NOTE
r-release-linux-x86_64 1.0.1 3.04 27.71 30.75 OK
r-release-windows-ix86+x86_64 1.0.1 8.00 55.00 63.00 NOTE
r-release-osx-x86_64 1.0.1 NOTE
r-oldrel-windows-ix86+x86_64 1.0.1 8.00 41.00 49.00 NOTE
r-oldrel-osx-x86_64 1.0.1 NOTE

Check Details

Version: 1.0.1
Check: installed package size
Result: NOTE
     installed size is 10.2Mb
     sub-directories of 1Mb or more:
     java 10.1Mb
Flavors: r-devel-linux-x86_64-fedora-clang, r-devel-windows-ix86+x86_64, r-devel-windows-ix86+x86_64-gcc8, r-patched-solaris-x86, r-release-windows-ix86+x86_64, r-release-osx-x86_64, r-oldrel-windows-ix86+x86_64, r-oldrel-osx-x86_64