CRAN Package Check Results for Package Rdroolsjars

Last updated on 2019-09-15 23:46:30 CEST.

Flavor Version Tinstall Tcheck Ttotal Status Flags
r-devel-linux-x86_64-debian-clang 1.0.1 3.78 29.18 32.96 OK
r-devel-linux-x86_64-debian-gcc 1.0.1 3.21 23.27 26.48 OK
r-devel-linux-x86_64-fedora-clang 1.0.1 37.91 NOTE
r-devel-linux-x86_64-fedora-gcc 1.0.1 38.66 OK
r-devel-windows-ix86+x86_64 1.0.1 7.00 7.00 14.00 ERROR
r-patched-linux-x86_64 1.0.1 3.70 28.88 32.58 OK
r-patched-solaris-x86 1.0.1 57.40 NOTE
r-release-linux-x86_64 1.0.1 3.78 28.05 31.83 OK
r-release-windows-ix86+x86_64 1.0.1 8.00 55.00 63.00 NOTE
r-release-osx-x86_64 1.0.1 NOTE
r-oldrel-windows-ix86+x86_64 1.0.1 8.00 41.00 49.00 NOTE
r-oldrel-osx-x86_64 1.0.1 NOTE

Check Details

Version: 1.0.1
Check: installed package size
Result: NOTE
     installed size is 10.2Mb
     sub-directories of 1Mb or more:
     java 10.1Mb
Flavors: r-devel-linux-x86_64-fedora-clang, r-patched-solaris-x86, r-release-windows-ix86+x86_64, r-release-osx-x86_64, r-oldrel-windows-ix86+x86_64, r-oldrel-osx-x86_64

Version: 1.0.1
Check: whether package can be installed
Result: ERROR
    Installation failed.
Flavor: r-devel-windows-ix86+x86_64