CRAN Package Check Results for Package Rcsdp

Last updated on 2019-12-08 23:47:36 CET.

Flavor Version Tinstall Tcheck Ttotal Status Flags
r-devel-linux-x86_64-debian-clang 0.1.55 14.18 24.31 38.49 WARN
r-devel-linux-x86_64-debian-gcc 0.1.55 8.17 19.16 27.33 WARN
r-devel-linux-x86_64-fedora-clang 0.1.55 50.29 WARN
r-devel-linux-x86_64-fedora-gcc 0.1.55 43.30 WARN
r-devel-windows-ix86+x86_64 0.1.55 33.00 62.00 95.00 OK
r-devel-windows-ix86+x86_64-gcc8 0.1.55 30.00 45.00 75.00 OK
r-patched-linux-x86_64 0.1.55 8.72 22.84 31.56 OK
r-patched-solaris-x86 0.1.55 77.30 OK
r-release-linux-x86_64 0.1.55 8.76 22.94 31.70 OK
r-release-windows-ix86+x86_64 0.1.55 29.00 58.00 87.00 OK
r-release-osx-x86_64 0.1.55 OK
r-oldrel-windows-ix86+x86_64 0.1.55 24.00 39.00 63.00 OK
r-oldrel-osx-x86_64 0.1.55 OK

Additional issues

rchk

Check Details

Version: 0.1.55
Check: whether package can be installed
Result: WARN
    Found the following significant warnings:
     'config' variable 'CPP' is deprecated
Flavors: r-devel-linux-x86_64-debian-clang, r-devel-linux-x86_64-debian-gcc, r-devel-linux-x86_64-fedora-clang

Version: 0.1.55
Check: compiled code
Result: NOTE
    File ‘Rcsdp/libs/Rcsdp.so’:
     Found no calls to: ‘R_registerRoutines’, ‘R_useDynamicSymbols’
    
    It is good practice to register native routines and to disable symbol
    search.
    
    See ‘Writing portable packages’ in the ‘Writing R Extensions’ manual.
Flavors: r-devel-linux-x86_64-fedora-clang, r-devel-linux-x86_64-fedora-gcc

Version: 0.1.55
Check: whether package can be installed
Result: WARN
    Found the following significant warnings:
     'config' variable 'CPP' is deprecated
     initparams.c:36:7: warning: ignoring return value of ‘fscanf’, declared with attribute warn_unused_result [-Wunused-result]
     initparams.c:37:7: warning: ignoring return value of ‘fscanf’, declared with attribute warn_unused_result [-Wunused-result]
     initparams.c:38:7: warning: ignoring return value of ‘fscanf’, declared with attribute warn_unused_result [-Wunused-result]
     initparams.c:39:7: warning: ignoring return value of ‘fscanf’, declared with attribute warn_unused_result [-Wunused-result]
     initparams.c:40:7: warning: ignoring return value of ‘fscanf’, declared with attribute warn_unused_result [-Wunused-result]
     initparams.c:41:7: warning: ignoring return value of ‘fscanf’, declared with attribute warn_unused_result [-Wunused-result]
     initparams.c:42:7: warning: ignoring return value of ‘fscanf’, declared with attribute warn_unused_result [-Wunused-result]
     initparams.c:43:7: warning: ignoring return value of ‘fscanf’, declared with attribute warn_unused_result [-Wunused-result]
     initparams.c:44:7: warning: ignoring return value of ‘fscanf’, declared with attribute warn_unused_result [-Wunused-result]
     initparams.c:45:7: warning: ignoring return value of ‘fscanf’, declared with attribute warn_unused_result [-Wunused-result]
     initparams.c:46:7: warning: ignoring return value of ‘fscanf’, declared with attribute warn_unused_result [-Wunused-result]
     initparams.c:47:7: warning: ignoring return value of ‘fscanf’, declared with attribute warn_unused_result [-Wunused-result]
     initparams.c:48:7: warning: ignoring return value of ‘fscanf’, declared with attribute warn_unused_result [-Wunused-result]
     initparams.c:49:7: warning: ignoring return value of ‘fscanf’, declared with attribute warn_unused_result [-Wunused-result]
     initparams.c:50:7: warning: ignoring return value of ‘fscanf’, declared with attribute warn_unused_result [-Wunused-result]
     initparams.c:51:7: warning: ignoring return value of ‘fscanf’, declared with attribute warn_unused_result [-Wunused-result]
Flavor: r-devel-linux-x86_64-fedora-gcc