Last updated on 2022-05-15 23:51:38 CEST.
Flavor | Version | Tinstall | Tcheck | Ttotal | Status | Flags |
---|---|---|---|---|---|---|
r-devel-linux-x86_64-debian-clang | 0.0.8 | 35.03 | 39.67 | 74.70 | OK | |
r-devel-linux-x86_64-debian-gcc | 0.0.8 | 30.55 | 30.51 | 61.06 | OK | |
r-devel-linux-x86_64-fedora-clang | 0.0.8 | 105.64 | OK | |||
r-devel-linux-x86_64-fedora-gcc | 0.0.8 | 100.70 | OK | |||
r-devel-windows-x86_64 | 0.0.8 | 145.00 | 89.00 | 234.00 | OK | |
r-patched-linux-x86_64 | 0.0.8 | 30.49 | 37.19 | 67.68 | OK | |
r-release-linux-x86_64 | 0.0.8 | 32.25 | 38.10 | 70.35 | OK | |
r-release-macos-arm64 | 0.0.8 | 30.00 | NOTE | |||
r-release-macos-x86_64 | 0.0.8 | 38.00 | NOTE | |||
r-release-windows-x86_64 | 0.0.8 | 102.00 | 94.00 | 196.00 | OK | |
r-oldrel-macos-arm64 | 0.0.8 | 29.00 | NOTE | |||
r-oldrel-macos-x86_64 | 0.0.8 | 44.00 | NOTE | |||
r-oldrel-windows-ix86+x86_64 | 0.0.8 | 89.00 | 107.00 | 196.00 | OK |
Version: 0.0.8
Check: installed package size
Result: NOTE
installed size is 5.1Mb
sub-directories of 1Mb or more:
include 1.0Mb
libs 3.8Mb
Flavors: r-release-macos-arm64, r-release-macos-x86_64, r-oldrel-macos-arm64, r-oldrel-macos-x86_64