CRAN Package Check Results for Package RcppSMC

Last updated on 2019-07-22 06:47:46 CEST.

Flavor Version Tinstall Tcheck Ttotal Status Flags
r-devel-linux-x86_64-debian-clang 0.2.1 109.64 28.11 137.75 NOTE
r-devel-linux-x86_64-debian-gcc 0.2.1 88.96 22.67 111.63 NOTE
r-devel-linux-x86_64-fedora-clang 0.2.1 207.09 NOTE
r-devel-linux-x86_64-fedora-gcc 0.2.1 NOTE
r-devel-windows-ix86+x86_64 0.2.1 177.00 93.00 270.00 NOTE
r-patched-linux-x86_64 0.2.1 98.72 27.52 126.24 NOTE
r-patched-solaris-x86 0.2.1 194.00 NOTE
r-release-linux-x86_64 0.2.1 101.53 28.05 129.58 NOTE
r-release-windows-ix86+x86_64 0.2.1 255.00 63.00 318.00 NOTE
r-release-osx-x86_64 0.2.1 NOTE
r-oldrel-windows-ix86+x86_64 0.2.1 248.00 90.00 338.00 OK
r-oldrel-osx-x86_64 0.2.1 OK

Check Details

Version: 0.2.1
Check: line endings in C/C++/Fortran sources/headers
Result: NOTE
    Found the following sources/headers not terminated with a newline:
     inst/include/pflineart.h
    Some compilers warn on such files.
Flavors: r-devel-linux-x86_64-debian-clang, r-devel-linux-x86_64-debian-gcc, r-devel-linux-x86_64-fedora-clang, r-devel-linux-x86_64-fedora-gcc, r-devel-windows-ix86+x86_64, r-patched-linux-x86_64, r-patched-solaris-x86, r-release-linux-x86_64, r-release-windows-ix86+x86_64, r-release-osx-x86_64

Version: 0.2.1
Check: installed package size
Result: NOTE
     installed size is 6.1Mb
     sub-directories of 1Mb or more:
     libs 5.8Mb
Flavors: r-devel-linux-x86_64-fedora-clang, r-release-osx-x86_64