CRAN Package Check Results for Package RcppSMC

Last updated on 2019-12-08 23:47:35 CET.

Flavor Version Tinstall Tcheck Ttotal Status Flags
r-devel-linux-x86_64-debian-clang 0.2.1 125.95 30.71 156.66 NOTE
r-devel-linux-x86_64-debian-gcc 0.2.1 87.02 22.99 110.01 NOTE
r-devel-linux-x86_64-fedora-clang 0.2.1 218.69 NOTE
r-devel-linux-x86_64-fedora-gcc 0.2.1 206.90 NOTE
r-devel-windows-ix86+x86_64 0.2.1 227.00 91.00 318.00 NOTE
r-devel-windows-ix86+x86_64-gcc8 0.2.1 261.00 73.00 334.00 NOTE
r-patched-linux-x86_64 0.2.1 103.76 27.62 131.38 NOTE
r-patched-solaris-x86 0.2.1 195.20 NOTE
r-release-linux-x86_64 0.2.1 94.45 27.18 121.63 NOTE
r-release-windows-ix86+x86_64 0.2.1 272.00 74.00 346.00 NOTE
r-release-osx-x86_64 0.2.1 NOTE
r-oldrel-windows-ix86+x86_64 0.2.1 183.00 73.00 256.00 OK
r-oldrel-osx-x86_64 0.2.1 OK

Check Details

Version: 0.2.1
Check: line endings in C/C++/Fortran sources/headers
Result: NOTE
    Found the following sources/headers not terminated with a newline:
     inst/include/pflineart.h
    Some compilers warn on such files.
Flavors: r-devel-linux-x86_64-debian-clang, r-devel-linux-x86_64-debian-gcc, r-devel-linux-x86_64-fedora-clang, r-devel-linux-x86_64-fedora-gcc, r-devel-windows-ix86+x86_64, r-devel-windows-ix86+x86_64-gcc8, r-patched-linux-x86_64, r-patched-solaris-x86, r-release-linux-x86_64, r-release-windows-ix86+x86_64, r-release-osx-x86_64

Version: 0.2.1
Check: installed package size
Result: NOTE
     installed size is 6.5Mb
     sub-directories of 1Mb or more:
     libs 6.2Mb
Flavors: r-devel-linux-x86_64-fedora-clang, r-release-osx-x86_64