Last updated on 2021-01-25 23:49:17 CET.
Flavor | Version | Tinstall | Tcheck | Ttotal | Status | Flags |
---|---|---|---|---|---|---|
r-devel-linux-x86_64-debian-clang | 5.0.2 | 39.27 | 78.53 | 117.80 | NOTE | |
r-devel-linux-x86_64-debian-gcc | 5.0.2 | 28.38 | 48.41 | 76.79 | NOTE | |
r-devel-linux-x86_64-fedora-clang | 5.0.2 | 171.22 | NOTE | |||
r-devel-linux-x86_64-fedora-gcc | 5.0.2 | 138.18 | NOTE | |||
r-devel-windows-ix86+x86_64 | 5.0.2 | 312.00 | 159.00 | 471.00 | NOTE | |
r-patched-linux-x86_64 | 5.0.2 | 37.33 | 64.14 | 101.47 | NOTE | |
r-patched-solaris-x86 | 5.0.2 | 199.90 | NOTE | |||
r-release-linux-x86_64 | 5.0.2 | 36.75 | 64.25 | 101.00 | NOTE | |
r-release-macos-x86_64 | 5.0.2 | NOTE | ||||
r-release-windows-ix86+x86_64 | 5.0.2 | 308.00 | 121.00 | 429.00 | NOTE | |
r-oldrel-macos-x86_64 | 5.0.2 | NOTE | ||||
r-oldrel-windows-ix86+x86_64 | 5.0.2 | 193.00 | 143.00 | 336.00 | NOTE |
Version: 5.0.2
Check: for GNU extensions in Makefiles
Result: NOTE
GNU make is a SystemRequirements.
Flavors: r-devel-linux-x86_64-debian-clang, r-devel-linux-x86_64-debian-gcc, r-devel-linux-x86_64-fedora-clang, r-devel-linux-x86_64-fedora-gcc, r-devel-windows-ix86+x86_64, r-patched-linux-x86_64, r-patched-solaris-x86, r-release-linux-x86_64, r-release-macos-x86_64, r-release-windows-ix86+x86_64, r-oldrel-macos-x86_64, r-oldrel-windows-ix86+x86_64
Version: 5.0.2
Check: installed package size
Result: NOTE
installed size is 5.5Mb
sub-directories of 1Mb or more:
include 2.4Mb
lib 2.8Mb
Flavors: r-devel-linux-x86_64-fedora-clang, r-devel-windows-ix86+x86_64, r-release-windows-ix86+x86_64, r-oldrel-windows-ix86+x86_64