CRAN Package Check Results for Package RcppMsgPack

Last updated on 2019-10-20 23:47:35 CEST.

Flavor Version Tinstall Tcheck Ttotal Status Flags
r-devel-linux-x86_64-debian-clang 0.2.3 48.50 67.62 116.12 OK
r-devel-linux-x86_64-debian-gcc 0.2.3 31.58 55.52 87.10 OK
r-devel-linux-x86_64-fedora-clang 0.2.3 146.56 NOTE
r-devel-linux-x86_64-fedora-gcc 0.2.3 142.73 OK
r-devel-windows-ix86+x86_64 0.2.3 89.00 215.00 304.00 NOTE
r-patched-linux-x86_64 0.2.3 35.38 67.70 103.08 OK
r-patched-solaris-x86 0.2.3 183.40 NOTE
r-release-linux-x86_64 0.2.3 35.78 67.22 103.00 OK
r-release-windows-ix86+x86_64 0.2.3 123.00 220.00 343.00 NOTE
r-release-osx-x86_64 0.2.3 NOTE
r-oldrel-windows-ix86+x86_64 0.2.3 95.00 216.00 311.00 NOTE
r-oldrel-osx-x86_64 0.2.3 NOTE

Check Details

Version: 0.2.3
Check: installed package size
Result: NOTE
     installed size is 10.0Mb
     sub-directories of 1Mb or more:
     include 7.0Mb
     libs 2.5Mb
Flavors: r-devel-linux-x86_64-fedora-clang, r-devel-windows-ix86+x86_64, r-patched-solaris-x86, r-release-windows-ix86+x86_64, r-release-osx-x86_64, r-oldrel-windows-ix86+x86_64, r-oldrel-osx-x86_64