Last updated on 2021-03-01 23:49:05 CET.
Flavor | Version | Tinstall | Tcheck | Ttotal | Status | Flags |
---|---|---|---|---|---|---|
r-devel-linux-x86_64-debian-clang | 0.2.3 | OK | ||||
r-devel-linux-x86_64-debian-gcc | 0.2.3 | 32.09 | 55.10 | 87.19 | OK | |
r-devel-linux-x86_64-fedora-clang | 0.2.3 | 160.69 | NOTE | |||
r-devel-linux-x86_64-fedora-gcc | 0.2.3 | 152.80 | OK | |||
r-devel-windows-ix86+x86_64 | 0.2.3 | 94.00 | 166.00 | 260.00 | NOTE | |
r-patched-linux-x86_64 | 0.2.3 | 40.22 | 66.67 | 106.89 | OK | |
r-patched-solaris-x86 | 0.2.3 | 187.40 | NOTE | |||
r-release-linux-x86_64 | 0.2.3 | 37.04 | 66.99 | 104.03 | OK | |
r-release-macos-x86_64 | 0.2.3 | NOTE | ||||
r-release-windows-ix86+x86_64 | 0.2.3 | 112.00 | 179.00 | 291.00 | NOTE | |
r-oldrel-macos-x86_64 | 0.2.3 | NOTE | ||||
r-oldrel-windows-ix86+x86_64 | 0.2.3 | 87.00 | 258.00 | 345.00 | NOTE |
Version: 0.2.3
Check: installed package size
Result: NOTE
installed size is 10.3Mb
sub-directories of 1Mb or more:
include 7.0Mb
libs 2.9Mb
Flavors: r-devel-linux-x86_64-fedora-clang, r-devel-windows-ix86+x86_64, r-patched-solaris-x86, r-release-macos-x86_64, r-release-windows-ix86+x86_64, r-oldrel-macos-x86_64, r-oldrel-windows-ix86+x86_64