CRAN Package Check Results for Package RcppMsgPack

Last updated on 2019-07-15 00:50:47 CEST.

Flavor Version Tinstall Tcheck Ttotal Status Flags
r-devel-linux-x86_64-debian-clang 0.2.3 38.43 66.31 104.74 OK
r-devel-linux-x86_64-debian-gcc 0.2.3 30.39 57.34 87.73 OK
r-devel-linux-x86_64-fedora-clang 0.2.3 143.73 NOTE
r-devel-linux-x86_64-fedora-gcc 0.2.3 141.11 OK
r-devel-windows-ix86+x86_64 0.2.3 101.00 220.00 321.00 NOTE
r-patched-linux-x86_64 0.2.3 37.58 69.10 106.68 OK
r-patched-solaris-x86 0.2.3 190.30 NOTE
r-release-linux-x86_64 0.2.3 37.95 67.65 105.60 OK
r-release-windows-ix86+x86_64 0.2.3 96.00 268.00 364.00 NOTE
r-release-osx-x86_64 0.2.3 NOTE
r-oldrel-windows-ix86+x86_64 0.2.3 128.00 228.00 356.00 NOTE
r-oldrel-osx-x86_64 0.2.3 NOTE

Check Details

Version: 0.2.3
Check: installed package size
Result: NOTE
     installed size is 9.9Mb
     sub-directories of 1Mb or more:
     include 7.0Mb
     libs 2.4Mb
Flavors: r-devel-linux-x86_64-fedora-clang, r-devel-windows-ix86+x86_64, r-patched-solaris-x86, r-release-windows-ix86+x86_64, r-release-osx-x86_64, r-oldrel-windows-ix86+x86_64, r-oldrel-osx-x86_64