CRAN Package Check Results for Package RcppMLPACK

Last updated on 2020-05-24 23:47:53 CEST.

Flavor Version Tinstall Tcheck Ttotal Status Flags
r-devel-linux-x86_64-debian-clang 1.0.10-7 512.05 31.29 543.34 OK
r-devel-linux-x86_64-debian-gcc 1.0.10-7 350.60 25.78 376.38 OK
r-devel-linux-x86_64-fedora-clang 1.0.10-7 762.21 NOTE
r-devel-linux-x86_64-fedora-gcc 1.0.10-7 648.13 OK
r-devel-windows-ix86+x86_64 1.0.10-7 1069.00 96.00 1165.00 NOTE
r-patched-linux-x86_64 1.0.10-7 364.31 32.80 397.11 OK
r-patched-solaris-x86 1.0.10-7 602.40 NOTE
r-release-linux-x86_64 1.0.10-7 359.10 32.33 391.43 OK
r-release-osx-x86_64 1.0.10-7 WARN
r-release-windows-ix86+x86_64 1.0.10-7 800.00 96.00 896.00 NOTE
r-oldrel-osx-x86_64 1.0.10-7 WARN
r-oldrel-windows-ix86+x86_64 1.0.10-7 838.00 69.00 907.00 NOTE

Check Details

Version: 1.0.10-7
Check: installed package size
Result: NOTE
     installed size is 58.1Mb
     sub-directories of 1Mb or more:
     include 1.9Mb
     lib 42.9Mb
     libs 13.0Mb
Flavors: r-devel-linux-x86_64-fedora-clang, r-devel-windows-ix86+x86_64, r-patched-solaris-x86, r-release-osx-x86_64, r-release-windows-ix86+x86_64, r-oldrel-osx-x86_64, r-oldrel-windows-ix86+x86_64

Version: 1.0.10-7
Check: whether package can be installed
Result: WARN
    Found the following significant warnings:
     WARNING: shared objects/dynamic libraries with hard-coded temporary installation paths
Flavors: r-release-osx-x86_64, r-oldrel-osx-x86_64