CRAN Package Check Results for Package RcppMLPACK

Last updated on 2019-10-13 23:47:29 CEST.

Flavor Version Tinstall Tcheck Ttotal Status Flags
r-devel-linux-x86_64-debian-clang 1.0.10-6 446.17 29.04 475.21 OK
r-devel-linux-x86_64-debian-gcc 1.0.10-6 304.23 46.35 350.58 OK
r-devel-linux-x86_64-fedora-clang 1.0.10-6 713.47 NOTE
r-devel-linux-x86_64-fedora-gcc 1.0.10-6 650.58 NOTE
r-devel-windows-ix86+x86_64 1.0.10-6 831.00 100.00 931.00 NOTE
r-patched-linux-x86_64 1.0.10-6 339.88 49.89 389.77 OK
r-patched-solaris-x86 1.0.10-6 567.70 NOTE
r-release-linux-x86_64 1.0.10-6 337.69 50.06 387.75 OK
r-release-windows-ix86+x86_64 1.0.10-6 1058.00 76.00 1134.00 NOTE
r-release-osx-x86_64 1.0.10-6 WARN
r-oldrel-windows-ix86+x86_64 1.0.10-6 637.00 65.00 702.00 NOTE
r-oldrel-osx-x86_64 1.0.10-6 NOTE

Check Details

Version: 1.0.10-6
Check: installed package size
Result: NOTE
     installed size is 57.3Mb
     sub-directories of 1Mb or more:
     include 1.9Mb
     lib 43.3Mb
     libs 11.9Mb
Flavors: r-devel-linux-x86_64-fedora-clang, r-devel-windows-ix86+x86_64, r-patched-solaris-x86, r-release-windows-ix86+x86_64, r-release-osx-x86_64, r-oldrel-windows-ix86+x86_64, r-oldrel-osx-x86_64

Version: 1.0.10-6
Check: compiled code
Result: NOTE
    File ‘RcppMLPACK/libs/RcppMLPACK.so’:
     Found no calls to: ‘R_registerRoutines’, ‘R_useDynamicSymbols’
    
    It is good practice to register native routines and to disable symbol
    search.
    
    See ‘Writing portable packages’ in the ‘Writing R Extensions’ manual.
Flavors: r-devel-linux-x86_64-fedora-clang, r-devel-linux-x86_64-fedora-gcc

Version: 1.0.10-6
Check: whether package can be installed
Result: WARN
    Found the following significant warnings:
     WARNING: shared objects/dynamic libraries with hard-coded temporary installation paths
Flavor: r-release-osx-x86_64