CRAN Package Check Results for Package RcppFaddeeva

Last updated on 2019-06-07 02:51:05 CEST.

Flavor Version Tinstall Tcheck Ttotal Status Flags
r-devel-linux-x86_64-debian-clang 0.1.0 15.71 25.50 41.21 NOTE
r-devel-linux-x86_64-debian-gcc 0.1.0 11.03 21.05 32.08 NOTE
r-devel-linux-x86_64-fedora-clang 0.1.0 57.36 NOTE
r-devel-linux-x86_64-fedora-gcc 0.1.0 52.46 NOTE
r-devel-windows-ix86+x86_64 0.1.0 45.00 90.00 135.00 NOTE
r-patched-linux-x86_64 0.1.0 16.12 25.72 41.84 NOTE
r-patched-solaris-x86 0.1.0 71.30 NOTE
r-release-linux-x86_64 0.1.0 15.06 25.65 40.71 NOTE
r-release-windows-ix86+x86_64 0.1.0 53.00 82.00 135.00 NOTE
r-release-osx-x86_64 0.1.0 NOTE
r-oldrel-windows-ix86+x86_64 0.1.0 45.00 77.00 122.00 NOTE
r-oldrel-osx-x86_64 0.1.0 NOTE

Check Details

Version: 0.1.0
Check: R code for possible problems
Result: NOTE
    Gauss: no visible global function definition for 'dnorm'
    Undefined global functions or variables:
     dnorm
    Consider adding
     importFrom("stats", "dnorm")
    to your NAMESPACE file.
Flavors: r-devel-linux-x86_64-debian-clang, r-devel-linux-x86_64-debian-gcc, r-devel-linux-x86_64-fedora-clang, r-devel-linux-x86_64-fedora-gcc, r-devel-windows-ix86+x86_64, r-patched-linux-x86_64, r-patched-solaris-x86, r-release-linux-x86_64, r-release-windows-ix86+x86_64, r-release-osx-x86_64, r-oldrel-windows-ix86+x86_64, r-oldrel-osx-x86_64

Version: 0.1.0
Check: compiled code
Result: NOTE
    File ‘RcppFaddeeva/libs/RcppFaddeeva.so’:
     Found no calls to: ‘R_registerRoutines’, ‘R_useDynamicSymbols’
    
    It is good practice to register native routines and to disable symbol
    search.
    
    See ‘Writing portable packages’ in the ‘Writing R Extensions’ manual.
Flavors: r-devel-linux-x86_64-fedora-clang, r-devel-linux-x86_64-fedora-gcc