CRAN Package Check Results for Package RcppEigenAD

Last updated on 2022-06-28 23:54:13 CEST.

Flavor Version Tinstall Tcheck Ttotal Status Flags
r-devel-linux-x86_64-debian-clang 1.0.0 31.55 49.17 80.72 OK
r-devel-linux-x86_64-debian-gcc 1.0.0 21.78 37.30 59.08 OK
r-devel-linux-x86_64-fedora-clang 1.0.0 110.32 NOTE
r-devel-linux-x86_64-fedora-gcc 1.0.0 102.92 NOTE
r-devel-windows-x86_64 1.0.0 209.00 97.00 306.00 OK
r-patched-linux-x86_64 1.0.0 21.32 46.70 68.02 OK
r-release-linux-x86_64 1.0.0 23.82 47.24 71.06 OK
r-release-macos-arm64 1.0.0 32.00 NOTE
r-release-macos-x86_64 1.0.0 53.00 NOTE
r-release-windows-x86_64 1.0.0 220.00 98.00 318.00 OK
r-oldrel-macos-arm64 1.0.0 33.00 NOTE
r-oldrel-macos-x86_64 1.0.0 46.00 NOTE
r-oldrel-windows-ix86+x86_64 1.0.0 71.00 108.00 179.00 OK

Additional issues

donttest

Check Details

Version: 1.0.0
Check: dependencies in R code
Result: NOTE
    Namespace in Imports field not imported from: ‘RcppEigen’
     All declared Imports should be used.
Flavors: r-devel-linux-x86_64-fedora-clang, r-devel-linux-x86_64-fedora-gcc, r-release-macos-arm64, r-release-macos-x86_64, r-oldrel-macos-arm64, r-oldrel-macos-x86_64