CRAN Package Check Results for Package RcppClassic

Last updated on 2022-09-27 23:55:42 CEST.

Flavor Version Tinstall Tcheck Ttotal Status Flags
r-devel-linux-x86_64-debian-clang 0.9.12 96.35 32.74 129.09 OK
r-devel-linux-x86_64-debian-gcc 0.9.12 63.89 25.85 89.74 OK
r-devel-linux-x86_64-fedora-clang 0.9.12 218.10 OK
r-devel-linux-x86_64-fedora-gcc 0.9.12 169.09 OK
r-devel-windows-x86_64 0.9.12 88.00 139.00 227.00 OK
r-patched-linux-x86_64 0.9.12 70.29 31.87 102.16 OK
r-release-linux-x86_64 0.9.12 71.24 31.66 102.90 OK
r-release-macos-arm64 0.9.12 71.00 WARN
r-release-macos-x86_64 0.9.12 88.00 WARN
r-release-windows-x86_64 0.9.12 89.00 138.00 227.00 OK
r-oldrel-macos-arm64 0.9.12 74.00 WARN
r-oldrel-macos-x86_64 0.9.12 85.00 WARN
r-oldrel-windows-ix86+x86_64 0.9.12 230.00 183.00 413.00 OK

Check Details

Version: 0.9.12
Check: whether package can be installed
Result: WARN
    Found the following significant warnings:
     WARNING: shared objects/dynamic libraries with hard-coded temporary installation paths
Flavors: r-release-macos-arm64, r-release-macos-x86_64, r-oldrel-macos-arm64, r-oldrel-macos-x86_64

Version: 0.9.12
Check: installed package size
Result: NOTE
     installed size is 5.0Mb
     sub-directories of 1Mb or more:
     lib 3.1Mb
     libs 1.5Mb
Flavors: r-release-macos-x86_64, r-oldrel-macos-x86_64