Last updated on 2023-06-04 00:54:40 CEST.
Flavor | Version | Tinstall | Tcheck | Ttotal | Status | Flags |
---|---|---|---|---|---|---|
r-devel-linux-x86_64-debian-clang | 5.5.2 | 12.22 | 31.56 | 43.78 | OK | |
r-devel-linux-x86_64-debian-gcc | 5.5.2 | 10.88 | 24.79 | 35.67 | OK | |
r-devel-linux-x86_64-fedora-clang | 5.5.2 | 62.52 | NOTE | |||
r-devel-linux-x86_64-fedora-gcc | 5.5.2 | 77.44 | OK | |||
r-devel-windows-x86_64 | 5.5.2 | 41.00 | 87.00 | 128.00 | NOTE | |
r-patched-linux-x86_64 | 5.5.2 | OK | ||||
r-release-linux-x86_64 | 5.5.2 | 12.80 | 30.44 | 43.24 | OK | |
r-release-macos-arm64 | 5.5.2 | 39.00 | NOTE | |||
r-release-macos-x86_64 | 5.4.1 | 32.00 | NOTE | |||
r-release-windows-x86_64 | 5.5.2 | 93.00 | 56.00 | 149.00 | NOTE | |
r-oldrel-macos-arm64 | 5.5.2 | 115.00 | NOTE | |||
r-oldrel-macos-x86_64 | 5.5.2 | 47.00 | NOTE | |||
r-oldrel-windows-x86_64 | 5.5.2 | 100.00 | 51.00 | 151.00 | NOTE |
Version: 5.5.2
Check: installed package size
Result: NOTE
installed size is 45.7Mb
sub-directories of 1Mb or more:
include 45.5Mb
Flavors: r-devel-linux-x86_64-fedora-clang, r-devel-windows-x86_64, r-release-macos-arm64, r-release-windows-x86_64, r-oldrel-macos-arm64, r-oldrel-macos-x86_64, r-oldrel-windows-x86_64
Version: 5.4.1
Check: installed package size
Result: NOTE
installed size is 46.4Mb
sub-directories of 1Mb or more:
include 46.3Mb
Flavor: r-release-macos-x86_64