CRAN Package Check Results for Package RcppArmadillo

Last updated on 2022-10-01 23:55:20 CEST.

Flavor Version Tinstall Tcheck Ttotal Status Flags
r-devel-linux-x86_64-debian-clang 0.11.2.4.0 53.26 307.30 360.56 OK
r-devel-linux-x86_64-debian-gcc 0.11.2.4.0 35.97 219.05 255.02 OK
r-devel-linux-x86_64-fedora-clang 0.11.2.4.0 460.58 NOTE
r-devel-linux-x86_64-fedora-gcc 0.11.2.4.0 429.85 OK
r-devel-windows-x86_64 0.11.2.4.0 792.00 363.00 1155.00 NOTE
r-patched-linux-x86_64 0.11.2.4.0 42.73 261.21 303.94 OK
r-release-linux-x86_64 0.11.2.4.0 44.32 261.96 306.28 OK
r-release-macos-arm64 0.11.2.4.0 123.00 NOTE
r-release-macos-x86_64 0.11.2.4.0 183.00 NOTE
r-release-windows-x86_64 0.11.2.4.0 634.00 379.00 1013.00 NOTE
r-oldrel-macos-arm64 0.11.2.4.0 106.00 NOTE
r-oldrel-macos-x86_64 0.11.2.4.0 183.00 NOTE
r-oldrel-windows-ix86+x86_64 0.11.2.4.0 117.00 591.00 708.00 NOTE

Check Details

Version: 0.11.2.4.0
Check: installed package size
Result: NOTE
     installed size is 7.4Mb
     sub-directories of 1Mb or more:
     include 6.3Mb
Flavors: r-devel-linux-x86_64-fedora-clang, r-devel-windows-x86_64, r-release-macos-arm64, r-release-macos-x86_64, r-release-windows-x86_64, r-oldrel-macos-arm64, r-oldrel-macos-x86_64, r-oldrel-windows-ix86+x86_64