CRAN Package Check Results for Package RcppArmadillo

Last updated on 2019-06-07 02:51:05 CEST.

Flavor Version Tinstall Tcheck Ttotal Status Flags
r-devel-linux-x86_64-debian-clang 0.9.400.3.0 37.63 231.28 268.91 OK
r-devel-linux-x86_64-debian-gcc 0.9.400.3.0 29.63 169.34 198.97 OK
r-devel-linux-x86_64-fedora-clang 0.9.400.3.0 351.12 NOTE
r-devel-linux-x86_64-fedora-gcc 0.9.400.3.0 320.14 OK
r-devel-windows-ix86+x86_64 0.9.400.3.0 123.00 573.00 696.00 NOTE
r-patched-linux-x86_64 0.9.400.3.0 34.55 220.96 255.51 OK
r-patched-solaris-x86 0.9.400.3.0 318.60 NOTE
r-release-linux-x86_64 0.9.400.3.0 34.21 219.81 254.02 OK
r-release-windows-ix86+x86_64 0.9.400.3.0 100.00 579.00 679.00 NOTE
r-release-osx-x86_64 0.9.400.3.0 NOTE
r-oldrel-windows-ix86+x86_64 0.9.400.3.0 111.00 585.00 696.00 NOTE
r-oldrel-osx-x86_64 0.9.400.3.0 NOTE

Check Details

Version: 0.9.400.3.0
Check: installed package size
Result: NOTE
     installed size is 8.2Mb
     sub-directories of 1Mb or more:
     include 5.7Mb
     libs 1.4Mb
Flavors: r-devel-linux-x86_64-fedora-clang, r-devel-windows-ix86+x86_64, r-patched-solaris-x86, r-release-windows-ix86+x86_64, r-release-osx-x86_64, r-oldrel-windows-ix86+x86_64, r-oldrel-osx-x86_64