CRAN Package Check Results for Package RcppArmadillo

Last updated on 2019-09-15 23:46:30 CEST.

Flavor Version Tinstall Tcheck Ttotal Status Flags
r-devel-linux-x86_64-debian-clang 0.9.700.2.0 39.19 227.01 266.20 OK
r-devel-linux-x86_64-debian-gcc 0.9.700.2.0 31.58 171.75 203.33 OK
r-devel-linux-x86_64-fedora-clang 0.9.700.2.0 367.46 NOTE
r-devel-linux-x86_64-fedora-gcc 0.9.700.2.0 338.56 OK
r-devel-windows-ix86+x86_64 0.9.700.2.0 126.00 584.00 710.00 NOTE
r-patched-linux-x86_64 0.9.700.2.0 38.21 210.64 248.85 OK
r-patched-solaris-x86 0.9.700.2.0 263.60 NOTE
r-release-linux-x86_64 0.9.700.2.0 34.24 210.11 244.35 OK
r-release-windows-ix86+x86_64 0.9.700.2.0 97.00 394.00 491.00 NOTE
r-release-osx-x86_64 0.9.700.2.0 NOTE
r-oldrel-windows-ix86+x86_64 0.9.700.2.0 112.00 424.00 536.00 NOTE
r-oldrel-osx-x86_64 0.9.700.2.0 NOTE

Check Details

Version: 0.9.700.2.0
Check: installed package size
Result: NOTE
     installed size is 8.4Mb
     sub-directories of 1Mb or more:
     include 5.8Mb
     libs 1.6Mb
Flavors: r-devel-linux-x86_64-fedora-clang, r-devel-windows-ix86+x86_64, r-patched-solaris-x86, r-release-windows-ix86+x86_64, r-release-osx-x86_64, r-oldrel-windows-ix86+x86_64, r-oldrel-osx-x86_64