CRAN Package Check Results for Package Rborist

Last updated on 2021-04-22 23:49:51 CEST.

Flavor Version Tinstall Tcheck Ttotal Status Flags
r-devel-linux-x86_64-debian-clang 0.2-3 194.69 36.20 230.89 OK
r-devel-linux-x86_64-debian-gcc 0.2-3 121.41 28.52 149.93 OK
r-devel-linux-x86_64-fedora-clang 0.2-3 338.69 NOTE
r-devel-linux-x86_64-fedora-gcc 0.2-3 288.16 OK
r-devel-windows-ix86+x86_64 0.2-3 441.00 101.00 542.00 OK
r-devel-windows-x86_64-gcc10-UCRT 0.2-3 OK
r-patched-linux-x86_64 0.2-3 146.88 34.36 181.24 OK
r-patched-solaris-x86 0.2-3 250.80 OK
r-release-linux-x86_64 0.2-3 147.47 34.23 181.70 OK
r-release-macos-x86_64 0.2-3 NOTE
r-release-windows-ix86+x86_64 0.2-3 440.00 84.00 524.00 OK
r-oldrel-macos-x86_64 0.2-3 NOTE
r-oldrel-windows-ix86+x86_64 0.2-3 376.00 105.00 481.00 OK

Check Details

Version: 0.2-3
Check: installed package size
Result: NOTE
     installed size is 10.2Mb
     sub-directories of 1Mb or more:
     libs 10.0Mb
Flavors: r-devel-linux-x86_64-fedora-clang, r-release-macos-x86_64, r-oldrel-macos-x86_64