CRAN Package Check Results for Package Rbgs

Last updated on 2019-07-22 06:47:46 CEST.

Flavor Version Tinstall Tcheck Ttotal Status Flags
r-devel-linux-x86_64-debian-clang 0.2 3.66 33.73 37.39 OK
r-devel-linux-x86_64-debian-gcc 0.2 2.45 26.98 29.43 OK
r-devel-linux-x86_64-fedora-clang 0.2 43.57 OK
r-devel-linux-x86_64-fedora-gcc 0.2 43.15 OK
r-devel-windows-ix86+x86_64 0.2 8.00 67.00 75.00 OK
r-patched-linux-x86_64 0.2 3.76 32.96 36.72 OK
r-patched-solaris-x86 0.2 69.80 OK
r-release-linux-x86_64 0.2 3.28 33.04 36.32 OK
r-release-windows-ix86+x86_64 0.2 9.00 48.00 57.00 OK
r-release-osx-x86_64 0.2 FAIL
r-oldrel-windows-ix86+x86_64 0.2 7.00 59.00 66.00 OK
r-oldrel-osx-x86_64 0.2 OK

Check Details

Version: 0.2
Check: dependencies in R code
Result: FAIL
    
Flavor: r-release-osx-x86_64