CRAN Package Check Results for Package Rbgs

Last updated on 2019-12-08 23:47:35 CET.

Flavor Version Tinstall Tcheck Ttotal Status Flags
r-devel-linux-x86_64-debian-clang 0.2 4.20 36.10 40.30 OK
r-devel-linux-x86_64-debian-gcc 0.2 2.97 27.87 30.84 OK
r-devel-linux-x86_64-fedora-clang 0.2 48.53 OK
r-devel-linux-x86_64-fedora-gcc 0.2 48.71 OK
r-devel-windows-ix86+x86_64 0.2 5.00 6.00 11.00 ERROR
r-devel-windows-ix86+x86_64-gcc8 0.2 6.00 5.00 11.00 ERROR
r-patched-linux-x86_64 0.2 3.07 32.92 35.99 OK
r-patched-solaris-x86 0.2 64.70 OK
r-release-linux-x86_64 0.2 3.39 32.95 36.34 OK
r-release-windows-ix86+x86_64 0.2 10.00 49.00 59.00 OK
r-release-osx-x86_64 0.2 FAIL
r-oldrel-windows-ix86+x86_64 0.2 6.00 51.00 57.00 OK
r-oldrel-osx-x86_64 0.2 OK

Check Details

Version: 0.2
Check: whether package can be installed
Result: ERROR
    Installation failed.
Flavors: r-devel-windows-ix86+x86_64, r-devel-windows-ix86+x86_64-gcc8

Version: 0.2
Check: dependencies in R code
Result: FAIL
Flavor: r-release-osx-x86_64