Last updated on 2022-08-18 23:58:35 CEST.
Flavor | Version | Tinstall | Tcheck | Ttotal | Status | Flags |
---|---|---|---|---|---|---|
r-devel-linux-x86_64-debian-clang | 2.1.9 | 35.02 | 185.32 | 220.34 | OK | |
r-devel-linux-x86_64-debian-gcc | 2.1.9 | 29.49 | 135.17 | 164.66 | OK | |
r-devel-linux-x86_64-fedora-clang | 2.1.9 | 277.37 | OK | |||
r-devel-linux-x86_64-fedora-gcc | 2.1.9 | 264.79 | OK | |||
r-devel-windows-x86_64 | 2.1.9 | 79.00 | 255.00 | 334.00 | OK | |
r-patched-linux-x86_64 | 2.1.9 | 40.88 | 170.27 | 211.15 | OK | |
r-release-linux-x86_64 | 2.1.9 | OK | ||||
r-release-macos-arm64 | 2.1.9 | 70.00 | OK | |||
r-release-macos-x86_64 | 2.1.9 | 100.00 | OK | |||
r-release-windows-x86_64 | 2.1.9 | 76.00 | 247.00 | 323.00 | OK | |
r-oldrel-macos-arm64 | 2.1.9 | 69.00 | OK | |||
r-oldrel-macos-x86_64 | 2.1.9 | 96.00 | OK | |||
r-oldrel-windows-ix86+x86_64 | 2.1.9 | 85.00 | 321.00 | 406.00 | NOTE |
Version: 2.1.9
Check: installed package size
Result: NOTE
installed size is 5.0Mb
sub-directories of 1Mb or more:
doc 1.1Mb
extdata 1.0Mb
libs 2.1Mb
Flavor: r-oldrel-windows-ix86+x86_64