CRAN Package Check Results for Package Rarity

Last updated on 2021-01-18 23:49:42 CET.

Flavor Version Tinstall Tcheck Ttotal Status Flags
r-devel-linux-x86_64-debian-clang 1.3-6 4.75 31.83 36.58 OK
r-devel-linux-x86_64-debian-gcc 1.3-6 3.96 25.44 29.40 OK
r-devel-linux-x86_64-fedora-clang 1.3-6 54.70 NOTE
r-devel-linux-x86_64-fedora-gcc 1.3-6 44.97 OK
r-devel-windows-ix86+x86_64 1.3-6 8.00 38.00 46.00 OK
r-patched-linux-x86_64 1.3-6 4.85 31.08 35.93 OK
r-patched-solaris-x86 1.3-6 67.60 OK
r-release-linux-x86_64 1.3-6 4.53 31.23 35.76 OK
r-release-macos-x86_64 1.3-6 OK
r-release-windows-ix86+x86_64 1.3-6 11.00 53.00 64.00 OK
r-oldrel-macos-x86_64 1.3-6 OK
r-oldrel-windows-ix86+x86_64 1.3-6 7.00 55.00 62.00 OK

Check Details

Version: 1.3-6
Check: Rd cross-references
Result: NOTE
    Undeclared package ‘arm’ in Rd xrefs
Flavor: r-devel-linux-x86_64-fedora-clang