Last updated on 2023-03-20 00:54:15 CET.
Flavor | Version | Tinstall | Tcheck | Ttotal | Status | Flags |
---|---|---|---|---|---|---|
r-devel-linux-x86_64-debian-clang | 0.98.0 | OK | ||||
r-devel-linux-x86_64-debian-gcc | 0.98.0 | 55.94 | 57.24 | 113.18 | OK | |
r-devel-linux-x86_64-fedora-clang | 0.98.0 | 208.06 | OK | |||
r-devel-linux-x86_64-fedora-gcc | 0.98.0 | 199.69 | OK | |||
r-devel-windows-x86_64 | 0.98.0 | 96.00 | 171.00 | 267.00 | OK | |
r-patched-linux-x86_64 | 0.98.0 | 52.96 | 69.63 | 122.59 | OK | |
r-release-linux-x86_64 | 0.98.0 | 54.33 | 69.55 | 123.88 | OK | |
r-release-macos-arm64 | 0.98.0 | 69.00 | NOTE | |||
r-release-macos-x86_64 | 0.98.0 | 82.00 | NOTE | |||
r-release-windows-x86_64 | 0.98.0 | 86.00 | 166.00 | 252.00 | OK | |
r-oldrel-macos-arm64 | 0.98.0 | 70.00 | NOTE | |||
r-oldrel-macos-x86_64 | 0.98.0 | 89.00 | NOTE | |||
r-oldrel-windows-ix86+x86_64 | 0.98.0 | 159.00 | 186.00 | 345.00 | OK |
Version: 0.98.0
Check: installed package size
Result: NOTE
installed size is 5.3Mb
sub-directories of 1Mb or more:
libs 4.7Mb
Flavors: r-release-macos-arm64, r-release-macos-x86_64, r-oldrel-macos-arm64, r-oldrel-macos-x86_64