Last updated on 2023-01-28 23:51:48 CET.
Flavor | Version | Tinstall | Tcheck | Ttotal | Status | Flags |
---|---|---|---|---|---|---|
r-devel-linux-x86_64-debian-clang | 2.3.4 | 11.31 | 85.55 | 96.86 | NOTE | |
r-devel-linux-x86_64-debian-gcc | 2.3.4 | 9.55 | 62.72 | 72.27 | NOTE | |
r-devel-linux-x86_64-fedora-clang | 2.3.4 | 115.88 | NOTE | |||
r-devel-linux-x86_64-fedora-gcc | 2.3.4 | 132.74 | NOTE | |||
r-devel-windows-x86_64 | 2.3.4 | 32.00 | 113.00 | 145.00 | NOTE | |
r-patched-linux-x86_64 | 2.3.4 | 12.38 | 84.91 | 97.29 | NOTE | |
r-release-linux-x86_64 | 2.3.4 | 8.19 | 85.91 | 94.10 | NOTE | |
r-release-macos-arm64 | 2.3.4 | 34.00 | NOTE | |||
r-release-macos-x86_64 | 2.3.4 | 58.00 | NOTE | |||
r-release-windows-x86_64 | 2.3.4 | 26.00 | 116.00 | 142.00 | NOTE | |
r-oldrel-macos-arm64 | 2.3.4 | 40.00 | NOTE | |||
r-oldrel-macos-x86_64 | 2.3.4 | 64.00 | NOTE | |||
r-oldrel-windows-ix86+x86_64 | 2.3.4 | 30.00 | 116.00 | 146.00 | NOTE |
Version: 2.3.4
Check: LazyData
Result: NOTE
'LazyData' is specified without a 'data' directory
Flavors: r-devel-linux-x86_64-debian-clang, r-devel-linux-x86_64-debian-gcc, r-devel-linux-x86_64-fedora-clang, r-devel-linux-x86_64-fedora-gcc, r-devel-windows-x86_64, r-patched-linux-x86_64, r-release-linux-x86_64, r-release-macos-arm64, r-release-macos-x86_64, r-release-windows-x86_64, r-oldrel-macos-arm64, r-oldrel-macos-x86_64, r-oldrel-windows-ix86+x86_64