CRAN Package Check Results for Package RandomFieldsUtils

Last updated on 2022-11-26 23:58:24 CET.

Flavor Version Tinstall Tcheck Ttotal Status Flags
r-devel-linux-x86_64-debian-clang 1.2.5 40.60 50.06 90.66 WARN
r-devel-linux-x86_64-debian-gcc 1.2.5 30.89 38.15 69.04 WARN
r-devel-linux-x86_64-fedora-clang 1.2.5 120.45 WARN
r-devel-linux-x86_64-fedora-gcc 1.2.5 121.95 WARN
r-devel-windows-x86_64 1.2.5 153.00 76.00 229.00 OK
r-patched-linux-x86_64 1.2.5 NOTE
r-release-linux-x86_64 1.2.5 35.64 46.85 82.49 NOTE
r-release-macos-arm64 1.2.5 33.00 OK
r-release-macos-x86_64 1.2.5 43.00 OK
r-release-windows-x86_64 1.2.5 283.00 83.00 366.00 OK
r-oldrel-macos-arm64 1.2.5 37.00 OK
r-oldrel-macos-x86_64 1.2.5 45.00 OK
r-oldrel-windows-ix86+x86_64 1.2.5 83.00 74.00 157.00 OK

Additional issues

ATLAS M1mac

Check Details

Version: 1.2.5
Check: package dependencies
Result: NOTE
    Package suggested but not available for checking: 'RandomFields'
Flavors: r-devel-linux-x86_64-debian-clang, r-devel-linux-x86_64-debian-gcc, r-devel-linux-x86_64-fedora-clang, r-devel-linux-x86_64-fedora-gcc, r-patched-linux-x86_64, r-release-linux-x86_64

Version: 1.2.5
Check: whether package can be installed
Result: WARN
    Found the following significant warnings:
     ./win_linux_aux.h:40:13: warning: a function declaration without a prototype is deprecated in all versions of C [-Wstrict-prototypes]
     ./RandomFieldsUtils.h:46:18: warning: a function declaration without a prototype is deprecated in all versions of C [-Wstrict-prototypes]
     ./RandomFieldsUtils.h:47:21: warning: a function declaration without a prototype is deprecated in all versions of C [-Wstrict-prototypes]
     ./RandomFieldsUtils.h:64:17: warning: a function declaration without a prototype is deprecated in all versions of C [-Wstrict-prototypes]
     ./RandomFieldsUtils.h:66:22: warning: a function declaration without a prototype is deprecated in all versions of C [-Wstrict-prototypes]
     ./RandomFieldsUtils.h:67:23: warning: a function declaration without a prototype is deprecated in all versions of C [-Wstrict-prototypes]
     ./RandomFieldsUtils.h:68:16: warning: a function declaration without a prototype is deprecated in all versions of C [-Wstrict-prototypes]
     ./RandomFieldsUtils.h:72:22: warning: a function declaration without a prototype is deprecated in all versions of C [-Wstrict-prototypes]
     ./Utils.h:29:21: warning: a function declaration without a prototype is deprecated in all versions of C [-Wstrict-prototypes]
     ./options.h:152:15: warning: a function declaration without a prototype is deprecated in all versions of C [-Wstrict-prototypes]
     ./options.h:152:6: warning: a function declaration without a prototype is deprecated in all versions of C and is treated as a zero-parameter prototype in C2x, conflicting with a subsequent declaration [-Wdeprecated-non-prototype]
     ./options.h:155:20: warning: a function declaration without a prototype is deprecated in all versions of C [-Wstrict-prototypes]
     ./zzz_RandomFieldsUtils.h:96:3: warning: a function declaration without a prototype is deprecated in all versions of C [-Wstrict-prototypes]
     ./zzz_RandomFieldsUtils.h:97:3: warning: a function declaration without a prototype is deprecated in all versions of C [-Wstrict-prototypes]
     ./zzz_RandomFieldsUtils.h:132:3: warning: a function declaration without a prototype is deprecated in all versions of C [-Wstrict-prototypes]
Flavors: r-devel-linux-x86_64-debian-clang, r-devel-linux-x86_64-fedora-clang

Version: 1.2.5
Check: whether package can be installed
Result: WARN
    Found the following significant warnings:
     win_linux_aux.h:40:5: warning: function declaration isn’t a prototype [-Wstrict-prototypes]
     RandomFieldsUtils.h:46:2: warning: function declaration isn’t a prototype [-Wstrict-prototypes]
     RandomFieldsUtils.h:47:3: warning: function declaration isn’t a prototype [-Wstrict-prototypes]
     RandomFieldsUtils.h:64:3: warning: function declaration isn’t a prototype [-Wstrict-prototypes]
     RandomFieldsUtils.h:66:3: warning: function declaration isn’t a prototype [-Wstrict-prototypes]
     RandomFieldsUtils.h:67:3: warning: function declaration isn’t a prototype [-Wstrict-prototypes]
     RandomFieldsUtils.h:68:3: warning: function declaration isn’t a prototype [-Wstrict-prototypes]
     RandomFieldsUtils.h:72:3: warning: function declaration isn’t a prototype [-Wstrict-prototypes]
     Utils.h:29:1: warning: function declaration isn’t a prototype [-Wstrict-prototypes]
     options.h:152:1: warning: function declaration isn’t a prototype [-Wstrict-prototypes]
     options.h:155:1: warning: function declaration isn’t a prototype [-Wstrict-prototypes]
     zzz_RandomFieldsUtils.h:96:3: warning: function declaration isn’t a prototype [-Wstrict-prototypes]
     zzz_RandomFieldsUtils.h:97:3: warning: function declaration isn’t a prototype [-Wstrict-prototypes]
     zzz_RandomFieldsUtils.h:132:3: warning: function declaration isn’t a prototype [-Wstrict-prototypes]
Flavors: r-devel-linux-x86_64-debian-gcc, r-devel-linux-x86_64-fedora-gcc