CRAN Package Check Results for Package RandPro

Last updated on 2022-11-28 22:51:32 CET.

Flavor Version Tinstall Tcheck Ttotal Status Flags
r-devel-linux-x86_64-debian-clang 0.2.2 16.75 139.53 156.28 NOTE
r-devel-linux-x86_64-debian-gcc 0.2.2 14.43 102.59 117.02 NOTE
r-devel-linux-x86_64-fedora-clang 0.2.2 195.76 NOTE
r-devel-linux-x86_64-fedora-gcc 0.2.2 190.23 NOTE
r-devel-windows-x86_64 0.2.2 21.00 151.00 172.00 NOTE
r-patched-linux-x86_64 0.2.2 15.58 129.69 145.27 NOTE
r-release-linux-x86_64 0.2.2 11.13 129.71 140.84 NOTE
r-release-macos-arm64 0.2.2 52.00 NOTE
r-release-macos-x86_64 0.2.2 88.00 NOTE
r-release-windows-x86_64 0.2.2 20.00 155.00 175.00 NOTE
r-oldrel-macos-arm64 0.2.2 51.00 NOTE
r-oldrel-macos-x86_64 0.2.2 94.00 NOTE
r-oldrel-windows-ix86+x86_64 0.2.2 36.00 147.00 183.00 NOTE

Check Details

Version: 0.2.2
Check: LazyData
Result: NOTE
     'LazyData' is specified without a 'data' directory
Flavors: r-devel-linux-x86_64-debian-clang, r-devel-linux-x86_64-debian-gcc, r-devel-linux-x86_64-fedora-clang, r-devel-linux-x86_64-fedora-gcc, r-devel-windows-x86_64, r-patched-linux-x86_64, r-release-linux-x86_64, r-release-macos-arm64, r-release-macos-x86_64, r-release-windows-x86_64, r-oldrel-macos-arm64, r-oldrel-macos-x86_64, r-oldrel-windows-ix86+x86_64