CRAN Package Check Results for Package RWildbook

Last updated on 2024-06-14 00:53:57 CEST.

Flavor Version Tinstall Tcheck Ttotal Status Flags
r-devel-linux-x86_64-debian-clang 0.9.3 13.89 119.18 133.07 OK
r-devel-linux-x86_64-debian-gcc 0.9.3 0.40 1.86 2.26 ERROR
r-devel-linux-x86_64-fedora-clang 0.9.3 169.17 NOTE
r-devel-linux-x86_64-fedora-gcc 0.9.3 174.50 NOTE
r-devel-windows-x86_64 0.9.3 12.00 102.00 114.00 OK
r-patched-linux-x86_64 0.9.3 8.23 115.10 123.33 OK
r-release-linux-x86_64 0.9.3 11.15 113.97 125.12 OK
r-release-macos-arm64 0.9.3 57.00 OK
r-release-macos-x86_64 0.9.3 86.00 OK
r-release-windows-x86_64 0.9.3 13.00 104.00 117.00 OK
r-oldrel-macos-arm64 0.9.3 57.00 OK
r-oldrel-macos-x86_64 0.9.3 85.00 OK
r-oldrel-windows-x86_64 0.9.3 15.00 119.00 134.00 OK

Check Details

Version: 0.9.3
Check: package dependencies
Result: ERROR Package required but not available: ‘marked’ See section ‘The DESCRIPTION file’ in the ‘Writing R Extensions’ manual. Flavor: r-devel-linux-x86_64-debian-gcc

Version: 0.9.3
Check: data for non-ASCII characters
Result: NOTE Note: found 6 marked UTF-8 strings Flavors: r-devel-linux-x86_64-fedora-clang, r-devel-linux-x86_64-fedora-gcc