CRAN Package Check Results for Package RWeka

Last updated on 2019-11-10 23:48:40 CET.

Flavor Version Tinstall Tcheck Ttotal Status Flags
r-devel-linux-x86_64-debian-clang 0.4-41 9.06 97.40 106.46 OK
r-devel-linux-x86_64-debian-gcc 0.4-41 7.35 74.63 81.98 OK
r-devel-linux-x86_64-fedora-clang 0.4-41 132.94 OK
r-devel-linux-x86_64-fedora-gcc 0.4-41 135.79 OK
r-devel-windows-ix86+x86_64 0.4-41 10.00 5.00 15.00 ERROR
r-patched-linux-x86_64 0.4-41 8.84 92.64 101.48 OK
r-release-linux-x86_64 0.4-41 8.22 93.65 101.87 OK
r-release-windows-ix86+x86_64 0.4-41 21.00 100.00 121.00 OK
r-release-osx-x86_64 0.4-41 OK
r-oldrel-windows-ix86+x86_64 0.4-41 13.00 124.00 137.00 OK
r-oldrel-osx-x86_64 0.4-41 OK

Check Details

Version: 0.4-41
Check: whether package can be installed
Result: ERROR
    Installation failed.
Flavor: r-devel-windows-ix86+x86_64