CRAN Package Check Results for Package RUnit

Last updated on 2022-10-06 23:56:19 CEST.

Flavor Version Tinstall Tcheck Ttotal Status Flags
r-devel-linux-x86_64-debian-clang 0.4.32 3.02 39.39 42.41 NOTE
r-devel-linux-x86_64-debian-gcc 0.4.32 2.87 30.17 33.04 NOTE
r-devel-linux-x86_64-fedora-clang 0.4.32 68.00 NOTE
r-devel-linux-x86_64-fedora-gcc 0.4.32 61.44 NOTE
r-devel-windows-x86_64 0.4.32 15.00 81.00 96.00 NOTE
r-patched-linux-x86_64 0.4.32 4.02 37.38 41.40 NOTE
r-release-linux-x86_64 0.4.32 4.02 36.86 40.88 NOTE
r-release-macos-arm64 0.4.32 22.00 OK
r-release-macos-x86_64 0.4.32 32.00 OK
r-release-windows-x86_64 0.4.32 19.00 78.00 97.00 OK
r-oldrel-macos-arm64 0.4.32 27.00 OK
r-oldrel-macos-x86_64 0.4.32 39.00 OK
r-oldrel-windows-ix86+x86_64 0.4.32 12.00 72.00 84.00 OK

Check Details

Version: 0.4.32
Check: Rd files
Result: NOTE
    checkRd: (-1) tracker.Rd:70: Escaped LaTeX specials: \&
    checkRd: (-1) tracker.Rd:73: Escaped LaTeX specials: \&
Flavors: r-devel-linux-x86_64-debian-clang, r-devel-linux-x86_64-debian-gcc, r-devel-linux-x86_64-fedora-clang, r-devel-linux-x86_64-fedora-gcc, r-devel-windows-x86_64

Version: 0.4.32
Check: for non-standard things in the check directory
Result: NOTE
    Found the following files/directories:
     'results'
Flavors: r-devel-linux-x86_64-debian-clang, r-devel-linux-x86_64-debian-gcc, r-devel-linux-x86_64-fedora-clang, r-devel-linux-x86_64-fedora-gcc, r-patched-linux-x86_64, r-release-linux-x86_64