CRAN Package Check Results for Package RTTWebClient

Last updated on 2022-09-25 23:56:24 CEST.

Flavor Version Tinstall Tcheck Ttotal Status Flags
r-devel-linux-x86_64-debian-clang 0.1.3 4.98 37.80 42.78 NOTE
r-devel-linux-x86_64-debian-gcc 0.1.3 3.77 28.52 32.29 NOTE
r-devel-linux-x86_64-fedora-clang 0.1.3 60.98 NOTE
r-devel-linux-x86_64-fedora-gcc 0.1.3 62.52 NOTE
r-devel-windows-x86_64 0.1.3 14.00 64.00 78.00 NOTE
r-patched-linux-x86_64 0.1.3 4.55 35.58 40.13 OK
r-release-linux-x86_64 0.1.3 3.40 35.49 38.89 OK
r-release-macos-arm64 0.1.3 19.00 OK
r-release-macos-x86_64 0.1.3 29.00 OK
r-release-windows-x86_64 0.1.3 26.00 64.00 90.00 OK
r-oldrel-macos-arm64 0.1.3 17.00 OK
r-oldrel-macos-x86_64 0.1.3 28.00 OK
r-oldrel-windows-ix86+x86_64 0.1.3 11.00 60.00 71.00 OK

Check Details

Version: 0.1.3
Check: package subdirectories
Result: NOTE
    Problems with news in 'NEWS.md':
    No news entries found.
Flavors: r-devel-linux-x86_64-debian-clang, r-devel-linux-x86_64-debian-gcc, r-devel-linux-x86_64-fedora-clang, r-devel-linux-x86_64-fedora-gcc, r-devel-windows-x86_64