CRAN Package Check Results for Package RTTWebClient

Last updated on 2024-06-16 00:58:31 CEST.

Flavor Version Tinstall Tcheck Ttotal Status Flags
r-devel-linux-x86_64-debian-clang 0.1.3 4.88 37.94 42.82 NOTE
r-devel-linux-x86_64-debian-gcc 0.1.3 3.51 29.20 32.71 NOTE
r-devel-linux-x86_64-fedora-clang 0.1.3 54.62 NOTE
r-devel-linux-x86_64-fedora-gcc 0.1.3 64.48 NOTE
r-devel-windows-x86_64 0.1.3 5.00 50.00 55.00 NOTE
r-patched-linux-x86_64 0.1.3 4.05 36.90 40.95 NOTE
r-release-linux-x86_64 0.1.3 4.81 35.78 40.59 NOTE
r-release-macos-arm64 0.1.3 26.00 NOTE
r-release-macos-x86_64 0.1.3 38.00 NOTE
r-release-windows-x86_64 0.1.3 5.00 51.00 56.00 NOTE
r-oldrel-macos-arm64 0.1.3 39.00 NOTE
r-oldrel-macos-x86_64 0.1.3 35.00 NOTE
r-oldrel-windows-x86_64 0.1.3 6.00 52.00 58.00 NOTE

Check Details

Version: 0.1.3
Check: package subdirectories
Result: NOTE Problems with news in ‘NEWS.md’: No news entries found. Flavors: r-devel-linux-x86_64-debian-clang, r-devel-linux-x86_64-debian-gcc, r-devel-linux-x86_64-fedora-clang, r-devel-linux-x86_64-fedora-gcc, r-devel-windows-x86_64, r-patched-linux-x86_64, r-release-linux-x86_64, r-release-macos-arm64, r-release-macos-x86_64, r-release-windows-x86_64, r-oldrel-macos-arm64, r-oldrel-macos-x86_64, r-oldrel-windows-x86_64